CRAN Package Check Results for Package CalibrateSSB

Last updated on 2022-06-26 09:53:44 CEST.

Flavor Version Tinstall Tcheck Ttotal Status Flags
r-devel-linux-x86_64-debian-clang 1.3.0 8.53 112.18 120.71 NOTE
r-devel-linux-x86_64-debian-gcc 1.3.0 9.13 81.92 91.05 NOTE
r-devel-linux-x86_64-fedora-clang 1.3.0 155.45 NOTE
r-devel-linux-x86_64-fedora-gcc 1.3.0 156.80 NOTE
r-devel-windows-x86_64 1.3.0 29.00 126.00 155.00 NOTE
r-patched-linux-x86_64 1.3.0 9.36 106.70 116.06 NOTE
r-release-linux-x86_64 1.3.0 11.36 105.30 116.66 NOTE
r-release-macos-arm64 1.3.0 49.00 NOTE
r-release-macos-x86_64 1.3.0 62.00 NOTE
r-release-windows-x86_64 1.3.0 38.00 129.00 167.00 NOTE
r-oldrel-macos-arm64 1.3.0 46.00 NOTE
r-oldrel-macos-x86_64 1.3.0 74.00 NOTE
r-oldrel-windows-ix86+x86_64 1.3.0 22.00 136.00 158.00 NOTE

Check Details

Version: 1.3.0
Check: package dependencies
Result: NOTE
    Package suggested but not available for checking: 'ReGenesees'
Flavors: r-devel-linux-x86_64-debian-clang, r-devel-linux-x86_64-debian-gcc, r-devel-linux-x86_64-fedora-clang, r-devel-linux-x86_64-fedora-gcc, r-devel-windows-x86_64, r-patched-linux-x86_64, r-release-linux-x86_64, r-release-macos-arm64, r-release-macos-x86_64, r-release-windows-x86_64, r-oldrel-macos-arm64, r-oldrel-macos-x86_64, r-oldrel-windows-ix86+x86_64