CRAN Package Check Results for Package CVcalibration

Last updated on 2020-04-04 02:49:57 CEST.

Flavor Version Tinstall Tcheck Ttotal Status Flags
r-devel-linux-x86_64-debian-clang 1.0-1 2.36 18.52 20.88 NOTE
r-devel-linux-x86_64-debian-gcc 1.0-1 1.71 14.88 16.59 NOTE
r-devel-linux-x86_64-fedora-clang 1.0-1 25.80 NOTE
r-devel-linux-x86_64-fedora-gcc 1.0-1 26.71 NOTE
r-devel-windows-ix86+x86_64 1.0-1 6.00 40.00 46.00 NOTE
r-devel-windows-ix86+x86_64-gcc8 1.0-1 5.00 27.00 32.00 NOTE
r-patched-linux-x86_64 1.0-1 2.34 18.49 20.83 NOTE
r-patched-solaris-x86 1.0-1 40.10 NOTE
r-release-linux-x86_64 1.0-1 1.60 16.99 18.59 NOTE
r-release-windows-ix86+x86_64 1.0-1 7.00 37.00 44.00 NOTE
r-release-osx-x86_64 1.0-1 NOTE
r-oldrel-windows-ix86+x86_64 1.0-1 2.00 25.00 27.00 NOTE
r-oldrel-osx-x86_64 1.0-1 NOTE

Check Details

Version: 1.0-1
Check: DESCRIPTION meta-information
Result: NOTE
    Malformed Description field: should contain one or more complete sentences.
Flavors: r-devel-linux-x86_64-debian-clang, r-devel-linux-x86_64-debian-gcc, r-devel-linux-x86_64-fedora-clang, r-devel-linux-x86_64-fedora-gcc, r-devel-windows-ix86+x86_64, r-devel-windows-ix86+x86_64-gcc8, r-patched-linux-x86_64, r-patched-solaris-x86, r-release-linux-x86_64, r-release-windows-ix86+x86_64, r-release-osx-x86_64, r-oldrel-windows-ix86+x86_64, r-oldrel-osx-x86_64

Version: 1.0-1
Check: R code for possible problems
Result: NOTE
    calfun: no visible global function definition for 'optim'
    calfun: no visible global function definition for 'cov'
    calfun: no visible global function definition for 'var'
    Undefined global functions or variables:
     cov optim var
    Consider adding
     importFrom("stats", "cov", "optim", "var")
    to your NAMESPACE file.
Flavors: r-devel-linux-x86_64-debian-clang, r-devel-linux-x86_64-debian-gcc, r-devel-linux-x86_64-fedora-clang, r-devel-linux-x86_64-fedora-gcc, r-devel-windows-ix86+x86_64, r-devel-windows-ix86+x86_64-gcc8, r-patched-linux-x86_64, r-patched-solaris-x86, r-release-linux-x86_64, r-release-windows-ix86+x86_64, r-release-osx-x86_64, r-oldrel-windows-ix86+x86_64, r-oldrel-osx-x86_64