CRAN Package Check Results for Package CVD

Last updated on 2019-07-21 07:49:07 CEST.

Flavor Version Tinstall Tcheck Ttotal Status Flags
r-devel-linux-x86_64-debian-clang 1.0.2 4.28 29.11 33.39 OK
r-devel-linux-x86_64-debian-gcc 1.0.2 3.38 22.84 26.22 OK
r-devel-linux-x86_64-fedora-clang 1.0.2 39.47 OK
r-devel-linux-x86_64-fedora-gcc 1.0.2 37.72 OK
r-devel-windows-ix86+x86_64 1.0.2 11.00 42.00 53.00 OK
r-patched-linux-x86_64 1.0.2 4.48 28.85 33.33 OK
r-patched-solaris-x86 1.0.2 56.30 OK
r-release-linux-x86_64 1.0.2 4.23 28.91 33.14 OK
r-release-windows-ix86+x86_64 1.0.2 14.00 61.00 75.00 OK
r-release-osx-x86_64 1.0.2 NOTE
r-oldrel-windows-ix86+x86_64 1.0.2 7.00 37.00 44.00 OK
r-oldrel-osx-x86_64 1.0.2 NOTE

Check Details

Version: 1.0.2
Check: package dependencies
Result: NOTE
    Package which this enhances but not available for checking: ‘RGtk2’
Flavors: r-release-osx-x86_64, r-oldrel-osx-x86_64