CRAN Package Check Results for Package CVD

Last updated on 2020-04-04 15:48:14 CEST.

Flavor Version Tinstall Tcheck Ttotal Status Flags
r-devel-linux-x86_64-debian-clang 1.0.2 5.32 30.26 35.58 OK
r-devel-linux-x86_64-debian-gcc 1.0.2 4.08 24.08 28.16 OK
r-devel-linux-x86_64-fedora-clang 1.0.2 43.08 OK
r-devel-linux-x86_64-fedora-gcc 1.0.2 42.88 OK
r-devel-windows-ix86+x86_64 1.0.2 12.00 61.00 73.00 OK
r-devel-windows-ix86+x86_64-gcc8 1.0.2 10.00 45.00 55.00 OK
r-patched-linux-x86_64 1.0.2 4.19 30.82 35.01 OK
r-patched-solaris-x86 1.0.2 61.00 OK
r-release-linux-x86_64 1.0.2 4.15 27.81 31.96 OK
r-release-windows-ix86+x86_64 1.0.2 14.00 61.00 75.00 OK
r-release-osx-x86_64 1.0.2 NOTE
r-oldrel-windows-ix86+x86_64 1.0.2 7.00 37.00 44.00 OK
r-oldrel-osx-x86_64 1.0.2 NOTE

Check Details

Version: 1.0.2
Check: package dependencies
Result: NOTE
    Package which this enhances but not available for checking: ‘RGtk2’
Flavors: r-release-osx-x86_64, r-oldrel-osx-x86_64