CRAN Package Check Results for Package CVD

Last updated on 2019-04-25 10:48:58 CEST.

Flavor Version Tinstall Tcheck Ttotal Status Flags
r-devel-linux-x86_64-debian-clang 1.0.2 4.58 28.76 33.34 OK
r-devel-linux-x86_64-debian-gcc 1.0.2 4.11 22.73 26.84 OK
r-devel-linux-x86_64-fedora-clang 1.0.2 41.36 OK
r-devel-linux-x86_64-fedora-gcc 1.0.2 40.74 OK
r-devel-windows-ix86+x86_64 1.0.2 15.00 59.00 74.00 OK
r-patched-linux-x86_64 1.0.2 4.71 29.38 34.09 OK
r-patched-solaris-x86 1.0.2 54.20 OK
r-release-linux-x86_64 1.0.2 3.75 27.85 31.60 OK
r-release-windows-ix86+x86_64 1.0.2 7.00 37.00 44.00 OK
r-release-osx-x86_64 1.0.2 NOTE
r-oldrel-windows-ix86+x86_64 1.0.2 5.00 40.00 45.00 OK
r-oldrel-osx-x86_64 1.0.2 NOTE

Check Details

Version: 1.0.2
Check: package dependencies
Result: NOTE
    Package which this enhances but not available for checking: ‘RGtk2’
Flavors: r-release-osx-x86_64, r-oldrel-osx-x86_64