CRAN Package Check Results for Package CTT

Last updated on 2020-04-01 12:47:14 CEST.

Flavor Version Tinstall Tcheck Ttotal Status Flags
r-devel-linux-x86_64-debian-clang 2.3.3 2.85 23.91 26.76 NOTE
r-devel-linux-x86_64-debian-gcc 2.3.3 2.13 18.69 20.82 NOTE
r-devel-linux-x86_64-fedora-clang 2.3.3 31.78 NOTE
r-devel-linux-x86_64-fedora-gcc 2.3.3 32.98 NOTE
r-devel-windows-ix86+x86_64 2.3.3 7.00 49.00 56.00 OK
r-devel-windows-ix86+x86_64-gcc8 2.3.3 7.00 33.00 40.00 OK
r-patched-linux-x86_64 2.3.3 2.41 23.16 25.57 NOTE
r-patched-solaris-x86 2.3.3 48.80 NOTE
r-release-linux-x86_64 2.3.3 1.88 22.38 24.26 OK
r-release-windows-ix86+x86_64 2.3.3 7.00 46.00 53.00 OK
r-release-osx-x86_64 2.3.3 OK
r-oldrel-windows-ix86+x86_64 2.3.3 4.00 30.00 34.00 OK
r-oldrel-osx-x86_64 2.3.3 OK

Check Details

Version: 2.3.3
Check: for non-standard things in the check directory
Result: NOTE
    Found the following files/directories:
     'Hello.csv'
Flavors: r-devel-linux-x86_64-debian-clang, r-devel-linux-x86_64-debian-gcc, r-devel-linux-x86_64-fedora-clang, r-devel-linux-x86_64-fedora-gcc, r-patched-linux-x86_64, r-patched-solaris-x86