CRAN Package Check Results for Package CTShiny

Last updated on 2019-09-20 17:47:16 CEST.

Flavor Version Tinstall Tcheck Ttotal Status Flags
r-devel-linux-x86_64-debian-clang 0.1.0 1.89 16.02 17.91 OK
r-devel-linux-x86_64-debian-gcc 0.1.0 1.67 13.26 14.93 OK
r-devel-linux-x86_64-fedora-clang 0.1.0 23.81 NOTE
r-devel-linux-x86_64-fedora-gcc 0.1.0 21.99 NOTE
r-devel-windows-ix86+x86_64 0.1.0 13.00 46.00 59.00 OK
r-patched-linux-x86_64 0.1.0 1.75 15.87 17.62 OK
r-patched-solaris-x86 0.1.0 36.10 NOTE
r-release-linux-x86_64 0.1.0 1.62 15.95 17.57 OK
r-release-windows-ix86+x86_64 0.1.0 6.00 29.00 35.00 OK
r-release-osx-x86_64 0.1.0 NOTE
r-oldrel-windows-ix86+x86_64 0.1.0 4.00 27.00 31.00 OK
r-oldrel-osx-x86_64 0.1.0 NOTE

Check Details

Version: 0.1.0
Check: dependencies in R code
Result: NOTE
    Namespaces in Imports field not imported from:
     ‘caret’ ‘datasets’ ‘dplyr’ ‘e1071’ ‘party’ ‘rhandsontable’ ‘rpart’
     ‘rpart.plot’ ‘shiny’
     All declared Imports should be used.
Flavors: r-devel-linux-x86_64-fedora-clang, r-devel-linux-x86_64-fedora-gcc, r-patched-solaris-x86, r-release-osx-x86_64, r-oldrel-osx-x86_64