CRAN Package Check Results for Package CTM

Last updated on 2024-06-13 05:59:01 CEST.

Flavor Version Tinstall Tcheck Ttotal Status Flags
r-devel-linux-x86_64-debian-clang 0.2 2.94 31.97 34.91 NOTE
r-devel-linux-x86_64-debian-gcc 0.2 1.93 25.43 27.36 NOTE
r-devel-linux-x86_64-fedora-clang 0.2 43.96 NOTE
r-devel-linux-x86_64-fedora-gcc 0.2 42.82 NOTE
r-devel-windows-x86_64 0.2 3.00 49.00 52.00 NOTE
r-patched-linux-x86_64 0.2 2.47 31.46 33.93 NOTE
r-release-linux-x86_64 0.2 1.68 32.29 33.97 NOTE
r-release-macos-arm64 0.2 18.00 NOTE
r-release-macos-x86_64 0.2 27.00 NOTE
r-release-windows-x86_64 0.2 3.00 49.00 52.00 NOTE
r-oldrel-macos-arm64 0.2 18.00 NOTE
r-oldrel-macos-x86_64 0.2 25.00 NOTE
r-oldrel-windows-x86_64 0.2 4.00 50.00 54.00 NOTE

Check Details

Version: 0.2
Check: LazyData
Result: NOTE 'LazyData' is specified without a 'data' directory Flavors: r-devel-linux-x86_64-debian-clang, r-devel-linux-x86_64-debian-gcc, r-devel-linux-x86_64-fedora-clang, r-devel-linux-x86_64-fedora-gcc, r-devel-windows-x86_64, r-patched-linux-x86_64, r-release-linux-x86_64, r-release-macos-arm64, r-release-macos-x86_64, r-release-windows-x86_64, r-oldrel-macos-arm64, r-oldrel-macos-x86_64, r-oldrel-windows-x86_64