CRAN Package Check Results for Package CSclone

Last updated on 2019-06-24 12:46:53 CEST.

Flavor Version Tinstall Tcheck Ttotal Status Flags
r-devel-linux-x86_64-debian-clang 1.0 2.57 26.11 28.68 OK
r-devel-linux-x86_64-debian-gcc 1.0 1.64 20.47 22.11 OK
r-devel-linux-x86_64-fedora-clang 1.0 34.11 OK
r-devel-linux-x86_64-fedora-gcc 1.0 33.02 OK
r-devel-windows-ix86+x86_64 1.0 16.00 56.00 72.00 OK
r-patched-linux-x86_64 1.0 2.58 26.63 29.21 OK
r-patched-solaris-x86 1.0 50.10 OK
r-release-linux-x86_64 1.0 2.68 27.12 29.80 OK
r-release-windows-ix86+x86_64 1.0 8.00 53.00 61.00 OK
r-release-osx-x86_64 1.0 ERROR
r-oldrel-windows-ix86+x86_64 1.0 4.00 54.00 58.00 OK
r-oldrel-osx-x86_64 1.0 OK

Check Details

Version: 1.0
Check: package dependencies
Result: ERROR
    Package required but not available: ‘DNAcopy’
    
    See section ‘The DESCRIPTION file’ in the ‘Writing R Extensions’
    manual.
Flavor: r-release-osx-x86_64