CRAN Package Check Results for Package CRM

Last updated on 2024-03-01 01:50:41 CET.

Flavor Version Tinstall Tcheck Ttotal Status Flags
r-devel-linux-x86_64-debian-clang 1.2.4 4.10 24.36 28.46 OK
r-devel-linux-x86_64-debian-gcc 1.2.4 2.90 18.74 21.64 OK
r-devel-linux-x86_64-fedora-clang 1.2.4 36.38 NOTE
r-devel-linux-x86_64-fedora-gcc 1.2.4 32.90 NOTE
r-devel-windows-x86_64 1.2.4 6.00 39.00 45.00 OK
r-patched-linux-x86_64 1.2.4 4.10 24.14 28.24 OK
r-release-linux-x86_64 1.2.4 3.25 23.62 26.87 OK
r-release-macos-arm64 1.2.4 19.00 OK
r-release-macos-x86_64 1.2.4 24.00 OK
r-release-windows-x86_64 1.2.4 7.00 38.00 45.00 OK
r-oldrel-macos-arm64 1.2.4 16.00 OK
r-oldrel-windows-x86_64 1.2.4 9.00 47.00 56.00 OK

Check Details

Version: 1.2.4
Check: top-level files
Result: NOTE ‘cleanup’: /bin/bash is not portable Flavors: r-devel-linux-x86_64-fedora-clang, r-devel-linux-x86_64-fedora-gcc