CRAN Package Check Results for Package CRFCSD

Last updated on 2020-02-26 11:47:53 CET.

Flavor Version Tinstall Tcheck Ttotal Status Flags
r-devel-linux-x86_64-debian-clang 3.1 42.82 48.13 90.95 OK
r-devel-linux-x86_64-debian-gcc 3.1 34.04 37.57 71.61 OK
r-devel-linux-x86_64-fedora-clang 3.1 129.10 OK
r-devel-linux-x86_64-fedora-gcc 3.1 116.49 OK
r-devel-windows-ix86+x86_64 3.1 68.00 103.00 171.00 OK
r-devel-windows-ix86+x86_64-gcc8 3.1 85.00 100.00 185.00 OK
r-patched-linux-x86_64 3.1 40.86 44.40 85.26 OK
r-patched-solaris-x86 3.1 132.50 OK
r-release-linux-x86_64 3.1 37.90 44.78 82.68 OK
r-release-windows-ix86+x86_64 3.1 68.00 96.00 164.00 OK
r-release-osx-x86_64 3.1 NOTE
r-oldrel-windows-ix86+x86_64 3.1 81.00 99.00 180.00 OK
r-oldrel-osx-x86_64 3.1 OK

Check Details

Version: 3.1
Check: installed package size
Result: NOTE
     installed size is 5.1Mb
     sub-directories of 1Mb or more:
     libs 5.0Mb
Flavor: r-release-osx-x86_64