CRAN Package Check Results for Package CR2

Last updated on 2025-01-13 09:48:26 CET.

Flavor Version Tinstall Tcheck Ttotal Status Flags
r-devel-linux-x86_64-debian-clang 0.2.1 11.21 82.40 93.61 NOTE
r-devel-linux-x86_64-debian-gcc 0.2.1 7.56 58.14 65.70 NOTE
r-devel-linux-x86_64-fedora-clang 0.2.1 149.06 NOTE
r-devel-linux-x86_64-fedora-gcc 0.2.1 145.36 NOTE
r-devel-windows-x86_64 0.2.1 12.00 89.00 101.00 NOTE
r-patched-linux-x86_64 0.2.1 10.64 74.62 85.26 NOTE
r-release-linux-x86_64 0.2.1 9.08 74.16 83.24 NOTE
r-release-macos-arm64 0.2.1 43.00 NOTE
r-release-macos-x86_64 0.2.1 61.00 NOTE
r-release-windows-x86_64 0.2.1 11.00 87.00 98.00 NOTE
r-oldrel-macos-arm64 0.2.1 46.00 OK
r-oldrel-macos-x86_64 0.2.1 72.00 OK
r-oldrel-windows-x86_64 0.2.1 15.00 106.00 121.00 OK

Check Details

Version: 0.2.1
Check: Rd files
Result: NOTE checkRd: (-1) sharedat.Rd:23: Lost braces 23 | \doi{10.7910/DVN/YXMQZM}{Harvard dataverse} | ^ Flavors: r-devel-linux-x86_64-debian-clang, r-devel-linux-x86_64-debian-gcc, r-devel-linux-x86_64-fedora-clang, r-devel-linux-x86_64-fedora-gcc, r-devel-windows-x86_64, r-patched-linux-x86_64, r-release-linux-x86_64, r-release-macos-arm64, r-release-macos-x86_64, r-release-windows-x86_64