CRAN Package Check Results for Package CPC

Last updated on 2024-07-24 15:51:34 CEST.

Flavor Version Tinstall Tcheck Ttotal Status Flags
r-devel-linux-x86_64-debian-clang 2.6.0 3.97 32.86 36.83 OK
r-devel-linux-x86_64-debian-gcc 2.6.0 1.89 25.64 27.53 NOTE
r-devel-linux-x86_64-fedora-clang 2.6.0 48.96 OK
r-devel-linux-x86_64-fedora-gcc 2.6.0 44.02 OK
r-devel-windows-x86_64 2.6.0 4.00 47.00 51.00 NOTE
r-patched-linux-x86_64 2.6.0 7.32 31.51 38.83 OK
r-release-linux-x86_64 2.6.0 3.45 32.45 35.90 OK
r-release-macos-arm64 2.6.0 19.00 OK
r-release-macos-x86_64 2.6.0 25.00 OK
r-release-windows-x86_64 2.6.0 4.00 47.00 51.00 OK
r-oldrel-macos-arm64 2.6.0 24.00 OK
r-oldrel-macos-x86_64 2.6.0 32.00 OK
r-oldrel-windows-x86_64 2.6.0 5.00 49.00 54.00 OK

Check Details

Version: 2.6.0
Check: Rd cross-references
Result: NOTE Found the following Rd file(s) with Rd \link{} targets missing package anchors: CPC.Rd: diana, pam, dbscan Please provide package anchors for all Rd \link{} targets not in the package itself and the base packages. Flavors: r-devel-linux-x86_64-debian-gcc, r-devel-windows-x86_64