CRAN Package Check Results for Package COVID19

Last updated on 2021-06-17 20:51:49 CEST.

Flavor Version Tinstall Tcheck Ttotal Status Flags
r-devel-linux-x86_64-debian-clang 2.3.2 4.31 41.94 46.25 NOTE
r-devel-linux-x86_64-debian-gcc 2.3.2 3.27 31.67 34.94 NOTE
r-devel-linux-x86_64-fedora-clang 2.3.2 62.18 NOTE
r-devel-linux-x86_64-fedora-gcc 2.3.2 52.62 NOTE
r-devel-windows-x86_64 2.3.2 9.00 58.00 67.00 NOTE
r-devel-windows-x86_64-gcc10-UCRT 2.3.2 NOTE
r-patched-linux-x86_64 2.3.2 3.73 38.51 42.24 NOTE
r-patched-solaris-x86 2.3.2 77.10 NOTE
r-release-linux-x86_64 2.3.2 3.20 38.65 41.85 NOTE
r-release-macos-arm64 2.3.2 NOTE
r-release-macos-x86_64 2.3.2 NOTE
r-release-windows-ix86+x86_64 2.3.2 10.00 56.00 66.00 NOTE
r-oldrel-macos-x86_64 2.3.2 OK
r-oldrel-windows-ix86+x86_64 2.3.2 9.00 49.00 58.00 OK

Check Details

Version: 2.3.2
Check: LazyData
Result: NOTE
     'LazyData' is specified without a 'data' directory
Flavors: r-devel-linux-x86_64-debian-clang, r-devel-linux-x86_64-debian-gcc, r-devel-linux-x86_64-fedora-clang, r-devel-linux-x86_64-fedora-gcc, r-devel-windows-x86_64, r-devel-windows-x86_64-gcc10-UCRT, r-patched-linux-x86_64, r-patched-solaris-x86, r-release-linux-x86_64, r-release-macos-arm64, r-release-macos-x86_64, r-release-windows-ix86+x86_64