CRAN Package Check Results for Package CORM

Last updated on 2019-03-22 12:48:13 CET.

Flavor Version Tinstall Tcheck Ttotal Status Flags
r-devel-linux-x86_64-debian-clang 1.0.2 3.60 42.52 46.12 NOTE
r-devel-linux-x86_64-debian-gcc 1.0.2 3.08 32.88 35.96 NOTE
r-devel-linux-x86_64-fedora-clang 1.0.2 55.71 NOTE
r-devel-linux-x86_64-fedora-gcc 1.0.2 54.19 NOTE
r-devel-windows-ix86+x86_64 1.0.2 12.00 55.00 67.00 NOTE
r-patched-linux-x86_64 1.0.2 2.92 40.34 43.26 NOTE
r-patched-solaris-x86 1.0.2 79.40 NOTE
r-release-linux-x86_64 1.0.2 3.49 40.27 43.76 NOTE
r-release-windows-ix86+x86_64 1.0.2 10.00 72.00 82.00 NOTE
r-release-osx-x86_64 1.0.2 NOTE
r-oldrel-windows-ix86+x86_64 1.0.2 8.00 71.00 79.00 NOTE
r-oldrel-osx-x86_64 1.0.2 NOTE

Check Details

Version: 1.0.2
Check: R code for possible problems
Result: NOTE
    compute.llh: no visible global function definition for 'dnorm'
    compute.u.hat.simple: no visible global function definition for 'dnorm'
    fit.CLM.1u.simple.start: no visible global function definition for
     'kmeans'
    fit.CLMM.simple.start: no visible global function definition for
     'kmeans'
    fit.CLMM.simple.start.NA: no visible global function definition for
     'kmeans'
    Undefined global functions or variables:
     dnorm kmeans
    Consider adding
     importFrom("stats", "dnorm", "kmeans")
    to your NAMESPACE file.
Flavors: r-devel-linux-x86_64-debian-clang, r-devel-linux-x86_64-debian-gcc, r-devel-linux-x86_64-fedora-clang, r-devel-linux-x86_64-fedora-gcc, r-devel-windows-ix86+x86_64, r-patched-linux-x86_64, r-patched-solaris-x86, r-release-linux-x86_64, r-release-windows-ix86+x86_64, r-release-osx-x86_64, r-oldrel-windows-ix86+x86_64, r-oldrel-osx-x86_64