CRAN Package Check Results for Package CORM

Last updated on 2019-05-22 13:47:13 CEST.

Flavor Version Tinstall Tcheck Ttotal Status Flags
r-devel-linux-x86_64-debian-clang 1.0.2 5.00 42.10 47.10 NOTE
r-devel-linux-x86_64-debian-gcc 1.0.2 3.88 33.19 37.07 NOTE
r-devel-linux-x86_64-fedora-clang 1.0.2 56.20 NOTE
r-devel-linux-x86_64-fedora-gcc 1.0.2 56.13 NOTE
r-devel-windows-ix86+x86_64 1.0.2 8.00 66.00 74.00 NOTE
r-patched-linux-x86_64 1.0.2 5.18 42.22 47.40 NOTE
r-patched-solaris-x86 1.0.2 83.20 NOTE
r-release-linux-x86_64 1.0.2 4.94 42.15 47.09 NOTE
r-release-windows-ix86+x86_64 1.0.2 12.00 52.00 64.00 NOTE
r-release-osx-x86_64 1.0.2 ERROR
r-oldrel-windows-ix86+x86_64 1.0.2 5.00 52.00 57.00 NOTE
r-oldrel-osx-x86_64 1.0.2 NOTE

Check Details

Version: 1.0.2
Check: R code for possible problems
Result: NOTE
    compute.llh: no visible global function definition for 'dnorm'
    compute.u.hat.simple: no visible global function definition for 'dnorm'
    fit.CLM.1u.simple.start: no visible global function definition for
     'kmeans'
    fit.CLMM.simple.start: no visible global function definition for
     'kmeans'
    fit.CLMM.simple.start.NA: no visible global function definition for
     'kmeans'
    Undefined global functions or variables:
     dnorm kmeans
    Consider adding
     importFrom("stats", "dnorm", "kmeans")
    to your NAMESPACE file.
Flavors: r-devel-linux-x86_64-debian-clang, r-devel-linux-x86_64-debian-gcc, r-devel-linux-x86_64-fedora-clang, r-devel-linux-x86_64-fedora-gcc, r-devel-windows-ix86+x86_64, r-patched-linux-x86_64, r-patched-solaris-x86, r-release-linux-x86_64, r-release-windows-ix86+x86_64, r-oldrel-windows-ix86+x86_64, r-oldrel-osx-x86_64

Version: 1.0.2
Check: package dependencies
Result: ERROR
    Package required but not available: ‘limma’
    
    See section ‘The DESCRIPTION file’ in the ‘Writing R Extensions’
    manual.
Flavor: r-release-osx-x86_64