CRAN Package Check Results for Package COCONUT

Last updated on 2019-06-24 17:47:46 CEST.

Flavor Version Tinstall Tcheck Ttotal Status Flags
r-devel-linux-x86_64-debian-clang 1.0.2 1.97 22.92 24.89 OK
r-devel-linux-x86_64-debian-gcc 1.0.2 1.66 18.40 20.06 OK
r-devel-linux-x86_64-fedora-clang 1.0.2 29.63 OK
r-devel-linux-x86_64-fedora-gcc 1.0.2 29.00 OK
r-devel-windows-ix86+x86_64 1.0.2 14.00 46.00 60.00 OK
r-patched-linux-x86_64 1.0.2 2.06 23.10 25.16 OK
r-patched-solaris-x86 1.0.2 47.40 OK
r-release-linux-x86_64 1.0.2 1.92 23.41 25.33 OK
r-release-windows-ix86+x86_64 1.0.2 5.00 46.00 51.00 OK
r-release-osx-x86_64 1.0.2 NOTE
r-oldrel-windows-ix86+x86_64 1.0.2 3.00 34.00 37.00 OK
r-oldrel-osx-x86_64 1.0.2 OK

Check Details

Version: 1.0.2
Check: package dependencies
Result: NOTE
    Package suggested but not available for checking: ‘limma’
Flavor: r-release-osx-x86_64