CRAN Package Check Results for Package COCONUT

Last updated on 2022-09-25 00:49:01 CEST.

Flavor Version Tinstall Tcheck Ttotal Status Flags
r-devel-linux-x86_64-debian-clang 1.0.2 2.56 27.39 29.95 OK
r-devel-linux-x86_64-debian-gcc 1.0.2 2.12 22.02 24.14 OK
r-devel-linux-x86_64-fedora-clang 1.0.2 49.66 OK
r-devel-linux-x86_64-fedora-gcc 1.0.2 47.34 OK
r-devel-windows-x86_64 1.0.2 9.00 52.00 61.00 OK
r-patched-linux-x86_64 1.0.2 2.46 27.80 30.26 OK
r-release-linux-x86_64 1.0.2 2.04 27.37 29.41 OK
r-release-macos-arm64 1.0.2 15.00 NOTE
r-release-macos-x86_64 1.0.2 24.00 OK
r-release-windows-x86_64 1.0.2 5.00 51.00 56.00 OK
r-oldrel-macos-arm64 1.0.2 23.00 OK
r-oldrel-macos-x86_64 1.0.2 30.00 OK
r-oldrel-windows-ix86+x86_64 1.0.2 7.00 42.00 49.00 OK

Check Details

Version: 1.0.2
Check: package dependencies
Result: NOTE
    Package suggested but not available for checking: ‘limma’
Flavor: r-release-macos-arm64