CRAN Package Check Results for Package COCONUT

Last updated on 2020-04-01 12:47:13 CEST.

Flavor Version Tinstall Tcheck Ttotal Status Flags
r-devel-linux-x86_64-debian-clang 1.0.2 2.31 24.75 27.06 OK
r-devel-linux-x86_64-debian-gcc 1.0.2 1.93 19.29 21.22 OK
r-devel-linux-x86_64-fedora-clang 1.0.2 33.02 OK
r-devel-linux-x86_64-fedora-gcc 1.0.2 34.46 OK
r-devel-windows-ix86+x86_64 1.0.2 6.00 53.00 59.00 OK
r-devel-windows-ix86+x86_64-gcc8 1.0.2 7.00 37.00 44.00 OK
r-patched-linux-x86_64 1.0.2 2.34 24.27 26.61 OK
r-patched-solaris-x86 1.0.2 52.50 OK
r-release-linux-x86_64 1.0.2 1.94 22.96 24.90 OK
r-release-windows-ix86+x86_64 1.0.2 5.00 46.00 51.00 OK
r-release-osx-x86_64 1.0.2 NOTE
r-oldrel-windows-ix86+x86_64 1.0.2 3.00 34.00 37.00 OK
r-oldrel-osx-x86_64 1.0.2 OK

Check Details

Version: 1.0.2
Check: package dependencies
Result: NOTE
    Package suggested but not available for checking: ‘limma’
Flavor: r-release-osx-x86_64