CRAN Package Check Results for Package CNprep

Last updated on 2019-04-23 18:51:51 CEST.

Flavor Version Tinstall Tcheck Ttotal Status Flags
r-devel-linux-x86_64-debian-clang 2.0 3.09 27.03 30.12 NOTE
r-devel-linux-x86_64-debian-gcc 2.0 2.17 21.93 24.10 NOTE
r-devel-linux-x86_64-fedora-clang 2.0 36.53 NOTE
r-devel-linux-x86_64-fedora-gcc 2.0 39.25 NOTE
r-devel-windows-ix86+x86_64 2.0 9.00 58.00 67.00 NOTE
r-patched-linux-x86_64 2.0 2.49 27.25 29.74 NOTE
r-patched-solaris-x86 2.0 69.50 NOTE
r-release-linux-x86_64 2.0 2.01 24.08 26.09 NOTE
r-release-windows-ix86+x86_64 2.0 4.00 60.00 64.00 NOTE
r-release-osx-x86_64 2.0 NOTE
r-oldrel-windows-ix86+x86_64 2.0 5.00 58.00 63.00 NOTE
r-oldrel-osx-x86_64 2.0 NOTE

Check Details

Version: 2.0
Check: R code for possible problems
Result: NOTE
    CNclusterNcenter: no visible global function definition for 'median'
    CNclusterNcenter: no visible binding for global variable 'var'
    breakIntoGaps: no visible global function definition for 'runif'
    centerprob: no visible global function definition for 'pnorm'
    getz: no visible global function definition for 'predict'
    smad: no visible global function definition for 'mad'
    smedian: no visible global function definition for 'median'
    smedian.sample: no visible global function definition for 'median'
    smedmad: no visible global function definition for 'median'
    smedmad: no visible global function definition for 'mad'
    Undefined global functions or variables:
     mad median pnorm predict runif var
    Consider adding
     importFrom("stats", "mad", "median", "pnorm", "predict", "runif",
     "var")
    to your NAMESPACE file.
Flavors: r-devel-linux-x86_64-debian-clang, r-devel-linux-x86_64-debian-gcc, r-devel-linux-x86_64-fedora-clang, r-devel-linux-x86_64-fedora-gcc, r-devel-windows-ix86+x86_64, r-patched-linux-x86_64, r-patched-solaris-x86, r-release-linux-x86_64, r-release-windows-ix86+x86_64, r-release-osx-x86_64, r-oldrel-windows-ix86+x86_64, r-oldrel-osx-x86_64