CRAN Package Check Results for Package CMapViz

Last updated on 2023-12-11 12:52:06 CET.

Flavor Version Tinstall Tcheck Ttotal Status Flags
r-devel-linux-x86_64-debian-clang 0.1.0 6.32 53.75 60.07 NOTE
r-devel-linux-x86_64-debian-gcc 0.1.0 5.36 39.96 45.32 NOTE
r-devel-linux-x86_64-fedora-clang 0.1.0 76.74 NOTE
r-devel-linux-x86_64-fedora-gcc 0.1.0 69.32 NOTE
r-devel-windows-x86_64 0.1.0 8.00 58.00 66.00 NOTE
r-patched-linux-x86_64 0.1.0 4.08 50.72 54.80 NOTE
r-release-linux-x86_64 0.1.0 4.75 49.94 54.69 NOTE
r-release-macos-arm64 0.1.0 27.00 NOTE
r-release-macos-x86_64 0.1.0 38.00 NOTE
r-release-windows-x86_64 0.1.0 8.00 63.00 71.00 NOTE
r-oldrel-macos-arm64 0.1.0 24.00 NOTE
r-oldrel-macos-x86_64 0.1.0 44.00 NOTE
r-oldrel-windows-x86_64 0.1.0 9.00 68.00 77.00 NOTE

Check Details

Version: 0.1.0
Check: LazyData
Result: NOTE 'LazyData' is specified without a 'data' directory Flavors: r-devel-linux-x86_64-debian-clang, r-devel-linux-x86_64-debian-gcc, r-devel-linux-x86_64-fedora-clang, r-devel-linux-x86_64-fedora-gcc, r-devel-windows-x86_64, r-patched-linux-x86_64, r-release-linux-x86_64, r-release-macos-arm64, r-release-macos-x86_64, r-release-windows-x86_64, r-oldrel-macos-arm64, r-oldrel-macos-x86_64, r-oldrel-windows-x86_64