CRAN Package Check Results for Package CMPControl

Last updated on 2019-04-20 15:51:53 CEST.

Flavor Version Tinstall Tcheck Ttotal Status Flags
r-devel-linux-x86_64-debian-clang 1.0 1.74 20.30 22.04 NOTE
r-devel-linux-x86_64-debian-gcc 1.0 2.11 19.70 21.81 NOTE
r-devel-linux-x86_64-fedora-clang 1.0 27.81 NOTE
r-devel-linux-x86_64-fedora-gcc 1.0 25.71 NOTE
r-devel-windows-ix86+x86_64 1.0 8.00 31.00 39.00 NOTE
r-patched-linux-x86_64 1.0 1.91 20.83 22.74 NOTE
r-patched-solaris-x86 1.0 42.80 NOTE
r-release-linux-x86_64 1.0 1.11 19.72 20.83 NOTE
r-release-windows-ix86+x86_64 1.0 3.00 44.00 47.00 NOTE
r-release-osx-x86_64 1.0 NOTE
r-oldrel-windows-ix86+x86_64 1.0 2.00 40.00 42.00 NOTE
r-oldrel-osx-x86_64 1.0 NOTE

Check Details

Version: 1.0
Check: R code for possible problems
Result: NOTE
    ComputeLambdaAndNuHat.shiftCMPest: no visible global function
     definition for 'nlminb'
    ControlCharts: no visible global function definition for
     'com.log.density'
    ControlCharts: no visible global function definition for 'plot'
    ControlCharts: no visible global function definition for 'abline'
    Undefined global functions or variables:
     abline com.log.density nlminb plot
    Consider adding
     importFrom("graphics", "abline", "plot")
     importFrom("stats", "nlminb")
    to your NAMESPACE file.
Flavors: r-devel-linux-x86_64-debian-clang, r-devel-linux-x86_64-debian-gcc, r-devel-linux-x86_64-fedora-clang, r-devel-linux-x86_64-fedora-gcc, r-devel-windows-ix86+x86_64, r-patched-linux-x86_64, r-patched-solaris-x86, r-release-linux-x86_64, r-release-windows-ix86+x86_64, r-release-osx-x86_64, r-oldrel-windows-ix86+x86_64, r-oldrel-osx-x86_64