CRAN Package Check Results for Package CMPControl

Last updated on 2019-06-16 13:19:08 CEST.

Flavor Version Tinstall Tcheck Ttotal Status Flags
r-devel-linux-x86_64-debian-clang 1.0 1.83 20.84 22.67 NOTE
r-devel-linux-x86_64-debian-gcc 1.0 1.48 16.60 18.08 NOTE
r-devel-linux-x86_64-fedora-clang 1.0 26.92 NOTE
r-devel-linux-x86_64-fedora-gcc 1.0 26.36 NOTE
r-devel-windows-ix86+x86_64 1.0 8.00 33.00 41.00 NOTE
r-patched-linux-x86_64 1.0 1.56 20.64 22.20 NOTE
r-patched-solaris-x86 1.0 44.00 NOTE
r-release-linux-x86_64 1.0 1.91 20.45 22.36 NOTE
r-release-windows-ix86+x86_64 1.0 5.00 44.00 49.00 NOTE
r-release-osx-x86_64 1.0 NOTE
r-oldrel-windows-ix86+x86_64 1.0 3.00 43.00 46.00 NOTE
r-oldrel-osx-x86_64 1.0 NOTE

Check Details

Version: 1.0
Check: R code for possible problems
Result: NOTE
    ComputeLambdaAndNuHat.shiftCMPest: no visible global function
     definition for 'nlminb'
    ControlCharts: no visible global function definition for
     'com.log.density'
    ControlCharts: no visible global function definition for 'plot'
    ControlCharts: no visible global function definition for 'abline'
    Undefined global functions or variables:
     abline com.log.density nlminb plot
    Consider adding
     importFrom("graphics", "abline", "plot")
     importFrom("stats", "nlminb")
    to your NAMESPACE file.
Flavors: r-devel-linux-x86_64-debian-clang, r-devel-linux-x86_64-debian-gcc, r-devel-linux-x86_64-fedora-clang, r-devel-linux-x86_64-fedora-gcc, r-devel-windows-ix86+x86_64, r-patched-linux-x86_64, r-patched-solaris-x86, r-release-linux-x86_64, r-release-windows-ix86+x86_64, r-release-osx-x86_64, r-oldrel-windows-ix86+x86_64, r-oldrel-osx-x86_64