CRAN Package Check Results for Package CMF

Last updated on 2019-04-19 02:46:36 CEST.

Flavor Version Tinstall Tcheck Ttotal Status Flags
r-devel-linux-x86_64-debian-clang 1.0 15.84 25.33 41.17 NOTE
r-devel-linux-x86_64-debian-gcc 1.0 13.60 20.14 33.74 NOTE
r-devel-linux-x86_64-fedora-clang 1.0 60.48 NOTE
r-devel-linux-x86_64-fedora-gcc 1.0 53.42 NOTE
r-devel-windows-ix86+x86_64 1.0 52.00 51.00 103.00 NOTE
r-patched-linux-x86_64 1.0 14.89 25.20 40.09 NOTE
r-patched-solaris-x86 1.0 71.80 NOTE
r-release-linux-x86_64 1.0 15.00 24.17 39.17 NOTE
r-release-windows-ix86+x86_64 1.0 36.00 79.00 115.00 NOTE
r-release-osx-x86_64 1.0 NOTE
r-oldrel-windows-ix86+x86_64 1.0 35.00 69.00 104.00 NOTE
r-oldrel-osx-x86_64 1.0 NOTE

Check Details

Version: 1.0
Check: R code for possible problems
Result: NOTE
    CMF: no visible global function definition for 'rnorm'
    Undefined global functions or variables:
     rnorm
    Consider adding
     importFrom("stats", "rnorm")
    to your NAMESPACE file.
Flavors: r-devel-linux-x86_64-debian-clang, r-devel-linux-x86_64-debian-gcc, r-devel-linux-x86_64-fedora-clang, r-devel-linux-x86_64-fedora-gcc, r-devel-windows-ix86+x86_64, r-patched-linux-x86_64, r-patched-solaris-x86, r-release-linux-x86_64, r-release-windows-ix86+x86_64, r-release-osx-x86_64, r-oldrel-windows-ix86+x86_64, r-oldrel-osx-x86_64

Version: 1.0
Check: compiled code
Result: NOTE
    File ‘CMF/libs/CMF.so’:
     Found no calls to: ‘R_registerRoutines’, ‘R_useDynamicSymbols’
    
    It is good practice to register native routines and to disable symbol
    search.
    
    See ‘Writing portable packages’ in the ‘Writing R Extensions’ manual.
Flavors: r-devel-linux-x86_64-fedora-clang, r-devel-linux-x86_64-fedora-gcc