CRAN Package Check Results for Package CMF

Last updated on 2019-06-16 13:19:08 CEST.

Flavor Version Tinstall Tcheck Ttotal Status Flags
r-devel-linux-x86_64-debian-clang 1.0 16.30 25.30 41.60 NOTE
r-devel-linux-x86_64-debian-gcc 1.0 12.81 20.31 33.12 NOTE
r-devel-linux-x86_64-fedora-clang 1.0 58.33 NOTE
r-devel-linux-x86_64-fedora-gcc 1.0 53.32 NOTE
r-devel-windows-ix86+x86_64 1.0 53.00 54.00 107.00 NOTE
r-patched-linux-x86_64 1.0 14.71 25.25 39.96 NOTE
r-patched-solaris-x86 1.0 74.90 NOTE
r-release-linux-x86_64 1.0 15.57 24.96 40.53 NOTE
r-release-windows-ix86+x86_64 1.0 39.00 56.00 95.00 NOTE
r-release-osx-x86_64 1.0 NOTE
r-oldrel-windows-ix86+x86_64 1.0 35.00 78.00 113.00 NOTE
r-oldrel-osx-x86_64 1.0 NOTE

Check Details

Version: 1.0
Check: R code for possible problems
Result: NOTE
    CMF: no visible global function definition for 'rnorm'
    Undefined global functions or variables:
     rnorm
    Consider adding
     importFrom("stats", "rnorm")
    to your NAMESPACE file.
Flavors: r-devel-linux-x86_64-debian-clang, r-devel-linux-x86_64-debian-gcc, r-devel-linux-x86_64-fedora-clang, r-devel-linux-x86_64-fedora-gcc, r-devel-windows-ix86+x86_64, r-patched-linux-x86_64, r-patched-solaris-x86, r-release-linux-x86_64, r-release-windows-ix86+x86_64, r-release-osx-x86_64, r-oldrel-windows-ix86+x86_64, r-oldrel-osx-x86_64

Version: 1.0
Check: compiled code
Result: NOTE
    File ‘CMF/libs/CMF.so’:
     Found no calls to: ‘R_registerRoutines’, ‘R_useDynamicSymbols’
    
    It is good practice to register native routines and to disable symbol
    search.
    
    See ‘Writing portable packages’ in the ‘Writing R Extensions’ manual.
Flavors: r-devel-linux-x86_64-fedora-clang, r-devel-linux-x86_64-fedora-gcc