CRAN Package Check Results for Package CLVTools

Last updated on 2023-06-07 23:40:31 CEST.

Flavor Version Tinstall Tcheck Ttotal Status Flags
r-devel-linux-x86_64-debian-clang 0.9.0 139.72 611.01 750.73 NOTE
r-devel-linux-x86_64-debian-gcc 0.9.0 117.86 480.51 598.37 NOTE
r-devel-linux-x86_64-fedora-clang 0.9.0 797.83 NOTE
r-devel-linux-x86_64-fedora-gcc 0.9.0 773.74 NOTE
r-devel-windows-x86_64 0.9.0 117.00 372.00 489.00 NOTE
r-patched-linux-x86_64 0.9.0 121.48 514.94 636.42 NOTE
r-release-linux-x86_64 0.9.0 117.46 515.46 632.92 NOTE
r-release-macos-arm64 0.9.0 175.00 NOTE
r-release-macos-x86_64 0.9.0 287.00 NOTE
r-release-windows-x86_64 0.9.0 145.00 390.00 535.00 NOTE
r-oldrel-macos-arm64 0.9.0 149.00 NOTE
r-oldrel-macos-x86_64 0.9.0 259.00 NOTE
r-oldrel-windows-x86_64 0.9.0 149.00 371.00 520.00 OK

Check Details

Version: 0.9.0
Check: C++ specification
Result: NOTE
     Specified C++11: please drop specification unless essential
Flavors: r-devel-linux-x86_64-debian-clang, r-devel-linux-x86_64-debian-gcc, r-devel-linux-x86_64-fedora-clang, r-devel-linux-x86_64-fedora-gcc, r-devel-windows-x86_64, r-patched-linux-x86_64, r-release-linux-x86_64, r-release-macos-arm64, r-release-macos-x86_64, r-release-windows-x86_64

Version: 0.9.0
Check: installed package size
Result: NOTE
     installed size is 12.0Mb
     sub-directories of 1Mb or more:
     libs 10.6Mb
Flavors: r-release-macos-arm64, r-release-macos-x86_64, r-oldrel-macos-arm64, r-oldrel-macos-x86_64