CRAN Package Check Results for Package CJAMP

Last updated on 2021-06-23 02:50:46 CEST.

Flavor Version Tinstall Tcheck Ttotal Status Flags
r-devel-linux-x86_64-debian-clang 0.1.1 4.13 142.20 146.33 NOTE
r-devel-linux-x86_64-debian-gcc 0.1.1 2.87 98.94 101.81 NOTE
r-devel-linux-x86_64-fedora-clang 0.1.1 177.46 NOTE
r-devel-linux-x86_64-fedora-gcc 0.1.1 169.59 NOTE
r-devel-windows-x86_64 0.1.1 7.00 175.00 182.00 NOTE
r-devel-windows-x86_64-gcc10-UCRT 0.1.1 NOTE
r-patched-linux-x86_64 0.1.1 4.07 134.91 138.98 NOTE
r-patched-solaris-x86 0.1.1 187.50 NOTE
r-release-linux-x86_64 0.1.1 3.13 133.70 136.83 NOTE
r-release-macos-arm64 0.1.1 NOTE
r-release-macos-x86_64 0.1.1 NOTE
r-release-windows-ix86+x86_64 0.1.1 7.00 158.00 165.00 NOTE
r-oldrel-macos-x86_64 0.1.1 OK

Check Details

Version: 0.1.1
Check: LazyData
Result: NOTE
     'LazyData' is specified without a 'data' directory
Flavors: r-devel-linux-x86_64-debian-clang, r-devel-linux-x86_64-debian-gcc, r-devel-linux-x86_64-fedora-clang, r-devel-linux-x86_64-fedora-gcc, r-devel-windows-x86_64, r-devel-windows-x86_64-gcc10-UCRT, r-patched-linux-x86_64, r-patched-solaris-x86, r-release-linux-x86_64, r-release-macos-arm64, r-release-macos-x86_64, r-release-windows-ix86+x86_64