CRAN Package Check Results for Package CITAN

Last updated on 2025-01-16 15:50:15 CET.

Flavor Version Tinstall Tcheck Ttotal Status Flags
r-devel-linux-x86_64-debian-clang 2022.1.1 5.21 43.18 48.39 NOTE
r-devel-linux-x86_64-debian-gcc 2022.1.1 3.86 31.50 35.36 NOTE
r-devel-linux-x86_64-fedora-clang 2022.1.1 79.69 OK
r-devel-linux-x86_64-fedora-gcc 2022.1.1 72.22 OK
r-devel-windows-x86_64 2022.1.1 8.00 69.00 77.00 NOTE
r-patched-linux-x86_64 2022.1.1 10.53 40.37 50.90 OK
r-release-linux-x86_64 2022.1.1 5.77 40.24 46.01 OK
r-release-macos-arm64 2022.1.1 27.00 OK
r-release-macos-x86_64 2022.1.1 44.00 OK
r-release-windows-x86_64 2022.1.1 7.00 70.00 77.00 OK
r-oldrel-macos-arm64 2022.1.1 25.00 OK
r-oldrel-macos-x86_64 2022.1.1 36.00 OK
r-oldrel-windows-x86_64 2022.1.1 9.00 74.00 83.00 OK

Check Details

Version: 2022.1.1
Check: Rd cross-references
Result: NOTE Found the following Rd file(s) with Rd \link{} targets missing package anchors: dbExecQuery.Rd: dbSendQuery, dbClearResult, dbGetQuery lbsClear.Rd: dbCommit, dbRollback lbsDeleteAllAuthorsDocuments.Rd: dbCommit, dbRollback lbsTidy.Rd: dbCommit, dbRollback Please provide package anchors for all Rd \link{} targets not in the package itself and the base packages. Flavors: r-devel-linux-x86_64-debian-clang, r-devel-linux-x86_64-debian-gcc, r-devel-windows-x86_64