CRAN Package Check Results for Package CDROM

Last updated on 2019-08-19 20:46:11 CEST.

Flavor Version Tinstall Tcheck Ttotal Status Flags
r-devel-linux-x86_64-debian-clang 1.1 2.56 19.49 22.05 NOTE
r-devel-linux-x86_64-debian-gcc 1.1 1.99 15.89 17.88 NOTE
r-devel-linux-x86_64-fedora-clang 1.1 27.64 NOTE
r-devel-linux-x86_64-fedora-gcc 1.1 27.10 NOTE
r-devel-windows-ix86+x86_64 1.1 11.00 44.00 55.00 OK
r-patched-linux-x86_64 1.1 2.26 19.51 21.77 OK
r-patched-solaris-x86 1.1 42.30 OK
r-release-linux-x86_64 1.1 2.20 19.42 21.62 OK
r-release-windows-ix86+x86_64 1.1 6.00 41.00 47.00 OK
r-release-osx-x86_64 1.1 OK
r-oldrel-windows-ix86+x86_64 1.1 3.00 28.00 31.00 OK
r-oldrel-osx-x86_64 1.1 OK

Check Details

Version: 1.1
Check: for non-standard things in the check directory
Result: NOTE
    Found the following files/directories:
     'out.png' 'out1.txt' 'out2.txt'
Flavors: r-devel-linux-x86_64-debian-clang, r-devel-linux-x86_64-debian-gcc, r-devel-linux-x86_64-fedora-clang, r-devel-linux-x86_64-fedora-gcc