CRAN Package Check Results for Package CDM

Last updated on 2022-12-02 12:54:48 CET.

Flavor Version Tinstall Tcheck Ttotal Status Flags
r-devel-linux-x86_64-debian-clang 8.2-6 176.05 178.49 354.54 OK
r-devel-linux-x86_64-debian-gcc 8.2-6 129.78 130.54 260.32 OK
r-devel-linux-x86_64-fedora-clang 8.2-6 548.45 OK
r-devel-linux-x86_64-fedora-gcc 8.2-6 494.25 OK
r-devel-windows-x86_64 8.2-6 219.00 251.00 470.00 OK
r-patched-linux-x86_64 8.2-6 138.70 162.39 301.09 OK
r-release-linux-x86_64 8.2-6 149.94 160.73 310.67 OK
r-release-macos-arm64 8.2-6 96.00 NOTE
r-release-macos-x86_64 8.2-6 132.00 NOTE
r-release-windows-x86_64 8.2-6 285.00 234.00 519.00 OK
r-oldrel-macos-arm64 8.2-6 87.00 NOTE
r-oldrel-macos-x86_64 8.2-6 137.00 NOTE
r-oldrel-windows-ix86+x86_64 8.2-6 394.00 252.00 646.00 NOTE

Check Details

Version: 8.2-6
Check: installed package size
Result: NOTE
     installed size is 6.2Mb
     sub-directories of 1Mb or more:
     data 1.3Mb
     libs 3.4Mb
Flavors: r-release-macos-arm64, r-release-macos-x86_64, r-oldrel-macos-arm64, r-oldrel-macos-x86_64, r-oldrel-windows-ix86+x86_64