CRAN Package Check Results for Package CBDA

Last updated on 2019-04-25 20:47:53 CEST.

Flavor Version Tinstall Tcheck Ttotal Status Flags
r-devel-linux-x86_64-debian-clang 1.0.0 3.70 268.17 271.87 OK
r-devel-linux-x86_64-debian-gcc 1.0.0 2.97 211.05 214.02 OK
r-devel-linux-x86_64-fedora-clang 1.0.0 302.15 NOTE
r-devel-linux-x86_64-fedora-gcc 1.0.0 340.10 NOTE
r-devel-windows-ix86+x86_64 1.0.0 11.00 294.00 305.00 OK
r-patched-linux-x86_64 1.0.0 3.21 265.61 268.82 OK
r-patched-solaris-x86 1.0.0 678.30 NOTE
r-release-linux-x86_64 1.0.0 2.66 274.89 277.55 OK
r-release-windows-ix86+x86_64 1.0.0 5.00 229.00 234.00 OK
r-release-osx-x86_64 1.0.0 NOTE
r-oldrel-windows-ix86+x86_64 1.0.0 4.00 223.00 227.00 OK
r-oldrel-osx-x86_64 1.0.0 NOTE

Check Details

Version: 1.0.0
Check: dependencies in R code
Result: NOTE
    Namespace in Imports field not imported from: ‘prettydoc’
     All declared Imports should be used.
Flavors: r-devel-linux-x86_64-fedora-clang, r-devel-linux-x86_64-fedora-gcc, r-patched-solaris-x86, r-release-osx-x86_64, r-oldrel-osx-x86_64

Version: 1.0.0
Check: package dependencies
Result: NOTE
    Package suggested but not available for checking: ‘xgboost’
Flavor: r-patched-solaris-x86