Last updated on 2022-08-12 21:52:58 CEST.
Flavor | Version | Tinstall | Tcheck | Ttotal | Status | Flags |
---|---|---|---|---|---|---|
r-devel-linux-x86_64-debian-clang | 1.0.0 | 4.27 | 276.84 | 281.11 | NOTE | |
r-devel-linux-x86_64-debian-gcc | 1.0.0 | 3.38 | 204.59 | 207.97 | NOTE | |
r-devel-linux-x86_64-fedora-clang | 1.0.0 | 338.91 | NOTE | |||
r-devel-linux-x86_64-fedora-gcc | 1.0.0 | 338.67 | NOTE | |||
r-devel-windows-x86_64 | 1.0.0 | 16.00 | 317.00 | 333.00 | NOTE | |
r-patched-linux-x86_64 | 1.0.0 | 4.33 | 252.10 | 256.43 | NOTE | |
r-release-linux-x86_64 | 1.0.0 | 5.07 | 250.76 | 255.83 | NOTE | |
r-release-macos-arm64 | 1.0.0 | 121.00 | NOTE | |||
r-release-macos-x86_64 | 1.0.0 | 145.00 | NOTE | |||
r-release-windows-x86_64 | 1.0.0 | 16.00 | 307.00 | 323.00 | NOTE | |
r-oldrel-macos-arm64 | 1.0.0 | 173.00 | NOTE | |||
r-oldrel-macos-x86_64 | 1.0.0 | 149.00 | NOTE | |||
r-oldrel-windows-ix86+x86_64 | 1.0.0 | 29.00 | 305.00 | 334.00 | NOTE |
Version: 1.0.0
Check: LazyData
Result: NOTE
'LazyData' is specified without a 'data' directory
Flavors: r-devel-linux-x86_64-debian-clang, r-devel-linux-x86_64-debian-gcc, r-devel-linux-x86_64-fedora-clang, r-devel-linux-x86_64-fedora-gcc, r-devel-windows-x86_64, r-patched-linux-x86_64, r-release-linux-x86_64, r-release-macos-arm64, r-release-macos-x86_64, r-release-windows-x86_64, r-oldrel-macos-arm64, r-oldrel-macos-x86_64, r-oldrel-windows-ix86+x86_64
Version: 1.0.0
Check: dependencies in R code
Result: NOTE
Namespace in Imports field not imported from: ‘prettydoc’
All declared Imports should be used.
Flavors: r-devel-linux-x86_64-fedora-clang, r-devel-linux-x86_64-fedora-gcc, r-release-macos-arm64, r-release-macos-x86_64, r-oldrel-macos-arm64, r-oldrel-macos-x86_64