CRAN Package Check Results for Package CBDA

Last updated on 2019-02-20 00:55:02 CET.

Flavor Version Tinstall Tcheck Ttotal Status Flags
r-devel-linux-x86_64-debian-clang 1.0.0 3.04 275.10 278.14 OK
r-devel-linux-x86_64-debian-gcc 1.0.0 2.77 199.91 202.68 OK
r-devel-linux-x86_64-fedora-clang 1.0.0 309.07 NOTE
r-devel-linux-x86_64-fedora-gcc 1.0.0 296.54 NOTE
r-devel-windows-ix86+x86_64 1.0.0 10.00 308.00 318.00 OK
r-patched-linux-x86_64 1.0.0 OK
r-patched-solaris-x86 1.0.0 703.00 NOTE
r-release-linux-x86_64 1.0.0 3.26 260.03 263.29 OK
r-release-windows-ix86+x86_64 1.0.0 6.00 301.00 307.00 OK
r-release-osx-x86_64 1.0.0 NOTE
r-oldrel-windows-ix86+x86_64 1.0.0 8.00 254.00 262.00 OK
r-oldrel-osx-x86_64 1.0.0 NOTE

Check Details

Version: 1.0.0
Check: dependencies in R code
Result: NOTE
    Namespace in Imports field not imported from: ‘prettydoc’
     All declared Imports should be used.
Flavors: r-devel-linux-x86_64-fedora-clang, r-devel-linux-x86_64-fedora-gcc, r-patched-solaris-x86, r-release-osx-x86_64, r-oldrel-osx-x86_64

Version: 1.0.0
Check: package dependencies
Result: NOTE
    Package suggested but not available for checking: ‘xgboost’
Flavor: r-patched-solaris-x86