CRAN Package Check Results for Package CBDA

Last updated on 2019-08-24 08:49:47 CEST.

Flavor Version Tinstall Tcheck Ttotal Status Flags
r-devel-linux-x86_64-debian-clang 1.0.0 4.22 281.31 285.53 OK
r-devel-linux-x86_64-debian-gcc 1.0.0 3.34 230.23 233.57 OK
r-devel-linux-x86_64-fedora-clang 1.0.0 322.36 NOTE
r-devel-linux-x86_64-fedora-gcc 1.0.0 344.02 NOTE
r-devel-windows-ix86+x86_64 1.0.0 9.00 216.00 225.00 OK
r-patched-linux-x86_64 1.0.0 3.18 263.05 266.23 OK
r-patched-solaris-x86 1.0.0 599.70 NOTE
r-release-linux-x86_64 1.0.0 3.72 262.07 265.79 OK
r-release-windows-ix86+x86_64 1.0.0 11.00 306.00 317.00 OK
r-release-osx-x86_64 1.0.0 NOTE
r-oldrel-windows-ix86+x86_64 1.0.0 9.00 304.00 313.00 OK
r-oldrel-osx-x86_64 1.0.0 NOTE

Check Details

Version: 1.0.0
Check: dependencies in R code
Result: NOTE
    Namespace in Imports field not imported from: ‘prettydoc’
     All declared Imports should be used.
Flavors: r-devel-linux-x86_64-fedora-clang, r-devel-linux-x86_64-fedora-gcc, r-patched-solaris-x86, r-release-osx-x86_64, r-oldrel-osx-x86_64