CRAN Package Check Results for Package CB2

Last updated on 2024-07-16 17:49:04 CEST.

Flavor Version Tinstall Tcheck Ttotal Status Flags
r-devel-linux-x86_64-debian-clang 1.3.4 50.52 102.22 152.74 NOTE
r-devel-linux-x86_64-debian-gcc 1.3.4 35.19 74.58 109.77 NOTE
r-devel-linux-x86_64-fedora-clang 1.3.4 195.64 NOTE
r-devel-linux-x86_64-fedora-gcc 1.3.4 131.64 NOTE
r-devel-windows-x86_64 1.3.4 39.00 620.00 659.00 NOTE
r-patched-linux-x86_64 1.3.4 39.37 96.68 136.05 NOTE
r-release-linux-x86_64 1.3.4 31.80 95.43 127.23 NOTE
r-release-macos-arm64 1.3.4 58.00 NOTE
r-release-macos-x86_64 1.3.4 151.00 NOTE
r-release-windows-x86_64 1.3.4 41.00 585.00 626.00 NOTE
r-oldrel-macos-arm64 1.3.4 59.00 NOTE
r-oldrel-macos-x86_64 1.3.4 99.00 NOTE
r-oldrel-windows-x86_64 1.3.4 47.00 449.00 496.00 NOTE

Check Details

Version: 1.3.4
Check: C++ specification
Result: NOTE Specified C++11: please drop specification unless essential Flavors: r-devel-linux-x86_64-debian-clang, r-devel-linux-x86_64-debian-gcc, r-devel-linux-x86_64-fedora-clang, r-devel-linux-x86_64-fedora-gcc, r-devel-windows-x86_64, r-patched-linux-x86_64, r-release-linux-x86_64, r-release-macos-arm64, r-release-macos-x86_64, r-release-windows-x86_64, r-oldrel-macos-arm64, r-oldrel-macos-x86_64, r-oldrel-windows-x86_64

Version: 1.3.4
Check: installed package size
Result: NOTE installed size is 6.3Mb sub-directories of 1Mb or more: data 1.6Mb extdata 1.1Mb libs 3.1Mb Flavors: r-release-macos-arm64, r-release-macos-x86_64, r-oldrel-macos-arm64, r-oldrel-macos-x86_64