CRAN Package Check Results for Package CAvariants

Last updated on 2019-07-21 07:49:06 CEST.

Flavor Version Tinstall Tcheck Ttotal Status Flags
r-devel-linux-x86_64-debian-clang 4.0 7.30 58.07 65.37 OK
r-devel-linux-x86_64-debian-gcc 4.0 6.67 45.09 51.76 OK
r-devel-linux-x86_64-fedora-clang 4.0 75.51 OK
r-devel-linux-x86_64-fedora-gcc 4.0 73.25 OK
r-devel-windows-ix86+x86_64 4.0 15.00 66.00 81.00 OK
r-patched-linux-x86_64 4.0 6.61 56.47 63.08 OK
r-patched-solaris-x86 4.0 111.90 OK
r-release-linux-x86_64 4.0 7.02 55.95 62.97 OK
r-release-windows-ix86+x86_64 4.0 14.00 70.00 84.00 OK
r-release-osx-x86_64 4.0 WARN
r-oldrel-windows-ix86+x86_64 4.0 17.00 96.00 113.00 OK
r-oldrel-osx-x86_64 4.0 OK

Check Details

Version: 4.0
Check: whether package can be installed
Result: WARN
    Found the following significant warnings:
     Warning: 'rgl_init' failed, running with rgl.useNULL = TRUE
Flavor: r-release-osx-x86_64