Last updated on 2023-06-07 21:01:14 CEST.
Flavor | Version | Tinstall | Tcheck | Ttotal | Status | Flags |
---|---|---|---|---|---|---|
r-devel-linux-x86_64-debian-clang | 1.0.0 | 335.49 | 49.18 | 384.67 | OK | |
r-devel-linux-x86_64-debian-gcc | 1.0.0 | 289.21 | 39.23 | 328.44 | OK | |
r-devel-linux-x86_64-fedora-clang | 1.0.0 | 561.61 | OK | |||
r-devel-linux-x86_64-fedora-gcc | 1.0.0 | 641.33 | OK | |||
r-devel-windows-x86_64 | 1.0.0 | 242.00 | 107.00 | 349.00 | OK | |
r-patched-linux-x86_64 | 1.0.0 | 226.15 | 48.88 | 275.03 | OK | |
r-release-linux-x86_64 | 1.0.0 | 236.26 | 49.51 | 285.77 | OK | |
r-release-macos-arm64 | 1.0.0 | 170.00 | NOTE | |||
r-release-macos-x86_64 | 1.0.0 | 261.00 | NOTE | |||
r-release-windows-x86_64 | 1.0.0 | 327.00 | 122.00 | 449.00 | OK | |
r-oldrel-macos-arm64 | 1.0.0 | 188.00 | NOTE | |||
r-oldrel-macos-x86_64 | 1.0.0 | 170.00 | NOTE | |||
r-oldrel-windows-x86_64 | 1.0.0 | 309.00 | 119.00 | 428.00 | OK |
Version: 1.0.0
Check: installed package size
Result: NOTE
installed size is 94.7Mb
sub-directories of 1Mb or more:
libs 94.6Mb
Flavors: r-release-macos-arm64, r-release-macos-x86_64, r-oldrel-macos-arm64, r-oldrel-macos-x86_64