Last updated on 2022-06-28 15:53:12 CEST.
Flavor | Version | Tinstall | Tcheck | Ttotal | Status | Flags |
---|---|---|---|---|---|---|
r-devel-linux-x86_64-debian-clang | 1.0.5 | 3.70 | 44.81 | 48.51 | OK | |
r-devel-linux-x86_64-debian-gcc | 1.0.5 | 2.43 | 33.14 | 35.57 | OK | |
r-devel-linux-x86_64-fedora-clang | 1.0.5 | 67.29 | OK | |||
r-devel-linux-x86_64-fedora-gcc | 1.0.5 | 66.79 | OK | |||
r-devel-windows-x86_64 | 1.0.5 | 14.00 | 67.00 | 81.00 | NOTE | |
r-patched-linux-x86_64 | 1.0.5 | 3.21 | 41.77 | 44.98 | OK | |
r-release-linux-x86_64 | 1.0.5 | 3.48 | 41.66 | 45.14 | OK | |
r-release-macos-arm64 | 1.0.5 | 25.00 | NOTE | |||
r-release-macos-x86_64 | 1.0.5 | 30.00 | OK | |||
r-release-windows-x86_64 | 1.0.5 | 12.00 | 73.00 | 85.00 | NOTE | |
r-oldrel-macos-arm64 | 1.0.5 | 30.00 | NOTE | |||
r-oldrel-macos-x86_64 | 1.0.5 | 40.00 | OK | |||
r-oldrel-windows-ix86+x86_64 | 1.0.5 | 9.00 | 65.00 | 74.00 | NOTE |
Version: 1.0.5
Check: package dependencies
Result: NOTE
Package suggested but not available for checking: 'doMC'
Flavors: r-devel-windows-x86_64, r-release-windows-x86_64, r-oldrel-windows-ix86+x86_64
Version: 1.0.5
Check: package dependencies
Result: NOTE
Package suggested but not available for checking: ‘qvalue’
Flavors: r-release-macos-arm64, r-oldrel-macos-arm64
Version: 1.0.5
Check: Rd cross-references
Result: NOTE
Package unavailable to check Rd xrefs: ‘qvalue’
Flavors: r-release-macos-arm64, r-oldrel-macos-arm64