CRAN Package Check Results for Package Boom

Last updated on 2022-07-03 15:52:27 CEST.

Flavor Version Tinstall Tcheck Ttotal Status Flags
r-devel-linux-x86_64-debian-clang 0.9.10 2205.55 44.61 2250.16 NOTE
r-devel-linux-x86_64-debian-gcc 0.9.10 1698.26 42.59 1740.85 NOTE
r-devel-linux-x86_64-fedora-clang 0.9.10 3052.91 NOTE
r-devel-linux-x86_64-fedora-gcc 0.9.10 2638.24 NOTE
r-devel-windows-x86_64 0.9.10 2102.00 122.00 2224.00 NOTE
r-patched-linux-x86_64 0.9.10 2027.21 52.35 2079.56 NOTE
r-release-linux-x86_64 0.9.10 1989.28 50.25 2039.53 NOTE
r-release-macos-arm64 0.9.10 154.00 NOTE
r-release-macos-x86_64 0.9.10 310.00 NOTE
r-release-windows-x86_64 0.9.10 3191.00 111.00 3302.00 NOTE
r-oldrel-macos-arm64 0.9.10 155.00 NOTE
r-oldrel-macos-x86_64 0.9.10 315.00 NOTE
r-oldrel-windows-ix86+x86_64 0.9.10 4734.00 88.00 4822.00 NOTE

Check Details

Version: 0.9.10
Check: for GNU extensions in Makefiles
Result: NOTE
    GNU make is a SystemRequirements.
Flavors: r-devel-linux-x86_64-debian-clang, r-devel-linux-x86_64-debian-gcc, r-devel-linux-x86_64-fedora-clang, r-devel-linux-x86_64-fedora-gcc, r-devel-windows-x86_64, r-patched-linux-x86_64, r-release-linux-x86_64, r-release-macos-arm64, r-release-macos-x86_64, r-release-windows-x86_64, r-oldrel-macos-arm64, r-oldrel-macos-x86_64, r-oldrel-windows-ix86+x86_64

Version: 0.9.10
Check: installed package size
Result: NOTE
     installed size is 243.1Mb
     sub-directories of 1Mb or more:
     include 9.2Mb
     lib 233.5Mb
Flavors: r-devel-linux-x86_64-fedora-clang, r-devel-windows-x86_64, r-release-macos-arm64, r-release-macos-x86_64, r-release-windows-x86_64, r-oldrel-macos-arm64, r-oldrel-macos-x86_64, r-oldrel-windows-ix86+x86_64