CRAN Package Check Results for Package BonEV

Last updated on 2019-02-19 21:49:14 CET.

Flavor Version Tinstall Tcheck Ttotal Status Flags
r-devel-linux-x86_64-debian-clang 1.0 2.00 49.25 51.25 OK
r-devel-linux-x86_64-debian-gcc 1.0 1.66 37.61 39.27 OK
r-devel-linux-x86_64-fedora-clang 1.0 64.07 OK
r-devel-linux-x86_64-fedora-gcc 1.0 58.26 OK
r-devel-windows-ix86+x86_64 1.0 3.00 6.00 9.00 ERROR
r-patched-linux-x86_64 1.0 2.05 45.75 47.80 OK
r-patched-solaris-x86 1.0 92.70 OK
r-release-linux-x86_64 1.0 2.21 46.15 48.36 OK
r-release-windows-ix86+x86_64 1.0 12.00 117.00 129.00 OK
r-release-osx-x86_64 1.0 OK
r-oldrel-windows-ix86+x86_64 1.0 16.00 123.00 139.00 OK
r-oldrel-osx-x86_64 1.0 OK

Check Details

Version: 1.0
Check: whether package can be installed
Result: ERROR
    Installation failed.
Flavor: r-devel-windows-ix86+x86_64