CRAN Package Check Results for Package BonEV

Last updated on 2019-08-19 21:46:47 CEST.

Flavor Version Tinstall Tcheck Ttotal Status Flags
r-devel-linux-x86_64-debian-clang 1.0 3.29 51.48 54.77 OK
r-devel-linux-x86_64-debian-gcc 1.0 2.79 39.23 42.02 OK
r-devel-linux-x86_64-fedora-clang 1.0 66.32 OK
r-devel-linux-x86_64-fedora-gcc 1.0 62.83 OK
r-devel-windows-ix86+x86_64 1.0 18.00 96.00 114.00 OK
r-patched-linux-x86_64 1.0 3.05 49.05 52.10 OK
r-patched-solaris-x86 1.0 104.90 OK
r-release-linux-x86_64 1.0 2.76 48.90 51.66 OK
r-release-windows-ix86+x86_64 1.0 12.00 92.00 104.00 OK
r-release-osx-x86_64 1.0 ERROR
r-oldrel-windows-ix86+x86_64 1.0 12.00 117.00 129.00 OK
r-oldrel-osx-x86_64 1.0 OK

Check Details

Version: 1.0
Check: package dependencies
Result: ERROR
    Package required but not available: ‘qvalue’
    
    See section ‘The DESCRIPTION file’ in the ‘Writing R Extensions’
    manual.
Flavor: r-release-osx-x86_64