CRAN Package Check Results for Package BonEV

Last updated on 2019-04-24 15:57:13 CEST.

Flavor Version Tinstall Tcheck Ttotal Status Flags
r-devel-linux-x86_64-debian-clang 1.0 3.06 49.76 52.82 OK
r-devel-linux-x86_64-debian-gcc 1.0 2.57 38.13 40.70 OK
r-devel-linux-x86_64-fedora-clang 1.0 63.18 OK
r-devel-linux-x86_64-fedora-gcc 1.0 73.57 OK
r-devel-windows-ix86+x86_64 1.0 4.00 6.00 10.00 ERROR
r-patched-linux-x86_64 1.0 2.75 48.16 50.91 OK
r-patched-solaris-x86 1.0 95.70 OK
r-release-linux-x86_64 1.0 1.99 47.55 49.54 OK
r-release-windows-ix86+x86_64 1.0 12.00 117.00 129.00 OK
r-release-osx-x86_64 1.0 OK
r-oldrel-windows-ix86+x86_64 1.0 16.00 123.00 139.00 OK
r-oldrel-osx-x86_64 1.0 OK

Check Details

Version: 1.0
Check: whether package can be installed
Result: ERROR
    Installation failed.
Flavor: r-devel-windows-ix86+x86_64