CRAN Package Check Results for Package BivRec

Last updated on 2019-08-19 20:46:10 CEST.

Flavor Version Tinstall Tcheck Ttotal Status Flags
r-devel-linux-x86_64-debian-clang 1.0.0 8.77 64.18 72.95 OK
r-devel-linux-x86_64-debian-gcc 1.0.0 8.58 50.54 59.12 OK
r-devel-linux-x86_64-fedora-clang 1.0.0 91.11 NOTE
r-devel-linux-x86_64-fedora-gcc 1.0.0 95.10 NOTE
r-devel-windows-ix86+x86_64 1.0.0 32.00 134.00 166.00 OK
r-patched-linux-x86_64 1.0.0 8.98 63.16 72.14 OK
r-patched-solaris-x86 1.0.0 149.40 NOTE
r-release-linux-x86_64 1.0.0 9.38 62.46 71.84 OK
r-release-windows-ix86+x86_64 1.0.0 22.00 93.00 115.00 OK
r-release-osx-x86_64 1.0.0 NOTE
r-oldrel-windows-ix86+x86_64 1.0.0 20.00 122.00 142.00 OK
r-oldrel-osx-x86_64 1.0.0 NOTE

Check Details

Version: 1.0.0
Check: dependencies in R code
Result: NOTE
    Namespaces in Imports field not imported from:
     ‘Rcpp’ ‘knitr’ ‘rmarkdown’
     All declared Imports should be used.
Flavors: r-devel-linux-x86_64-fedora-clang, r-devel-linux-x86_64-fedora-gcc, r-patched-solaris-x86, r-release-osx-x86_64, r-oldrel-osx-x86_64