CRAN Package Check Results for Package BisqueRNA

Last updated on 2019-11-14 09:49:25 CET.

Flavor Version Tinstall Tcheck Ttotal Status Flags
r-devel-linux-x86_64-debian-clang 1.0 2.78 41.33 44.11 OK
r-devel-linux-x86_64-debian-gcc 1.0 1.92 31.75 33.67 OK
r-devel-linux-x86_64-fedora-clang 1.0 57.73 OK
r-devel-linux-x86_64-fedora-gcc 1.0 56.91 OK
r-devel-windows-ix86+x86_64 1.0 9.00 53.00 62.00 OK
r-patched-linux-x86_64 1.0 2.29 39.37 41.66 OK
r-patched-solaris-x86 1.0 65.20 NOTE
r-release-linux-x86_64 1.0 2.44 39.22 41.66 OK
r-release-windows-ix86+x86_64 1.0 6.00 74.00 80.00 OK
r-release-osx-x86_64 1.0 OK
r-oldrel-windows-ix86+x86_64 1.0 3.00 53.00 56.00 OK
r-oldrel-osx-x86_64 1.0 OK

Check Details

Version: 1.0
Check: package dependencies
Result: NOTE
    Package suggested but not available for checking: ‘Seurat’
Flavor: r-patched-solaris-x86