Last updated on 2023-01-28 01:50:04 CET.
Flavor | Version | Tinstall | Tcheck | Ttotal | Status | Flags |
---|---|---|---|---|---|---|
r-devel-linux-x86_64-debian-clang | 2.15-1 | 59.43 | 326.93 | 386.36 | OK | |
r-devel-linux-x86_64-debian-gcc | 2.15-1 | 49.45 | 232.38 | 281.83 | OK | |
r-devel-linux-x86_64-fedora-clang | 2.15-1 | 512.75 | NOTE | |||
r-devel-linux-x86_64-fedora-gcc | 2.15-1 | 475.50 | OK | |||
r-devel-windows-x86_64 | 2.15-1 | 134.00 | 342.00 | 476.00 | OK | |
r-patched-linux-x86_64 | 2.15-1 | 81.41 | 358.65 | 440.06 | OK | |
r-release-linux-x86_64 | 2.15-1 | 80.14 | 356.31 | 436.45 | OK | |
r-release-macos-arm64 | 2.15-1 | 139.00 | OK | |||
r-release-macos-x86_64 | 2.15-1 | 370.00 | OK | |||
r-release-windows-x86_64 | 2.15-1 | 93.00 | 356.00 | 449.00 | OK | |
r-oldrel-macos-arm64 | 2.15-1 | 101.00 | OK | |||
r-oldrel-macos-x86_64 | 2.15-1 | 280.00 | OK | |||
r-oldrel-windows-ix86+x86_64 | 2.15-1 | 98.00 | 314.00 | 412.00 | OK |
Version: 2.15-1
Check: Rd cross-references
Result: NOTE
Undeclared packages ‘rgeos’, ‘pvclust’ in Rd xrefs
Flavor: r-devel-linux-x86_64-fedora-clang