CRAN Package Check Results for Package BiocManager

Last updated on 2019-04-20 18:47:50 CEST.

Flavor Version Tinstall Tcheck Ttotal Status Flags
r-devel-linux-x86_64-debian-clang 1.30.4 2.08 120.23 122.31 NOTE
r-devel-linux-x86_64-debian-gcc 1.30.4 2.28 94.95 97.23 NOTE
r-devel-linux-x86_64-fedora-clang 1.30.4 168.89 NOTE
r-devel-linux-x86_64-fedora-gcc 1.30.4 160.07 NOTE
r-devel-windows-ix86+x86_64 1.30.4 8.00 52.00 60.00 OK
r-patched-linux-x86_64 1.30.4 1.81 117.40 119.21 OK
r-patched-solaris-x86 1.30.4 59.70 OK
r-release-linux-x86_64 1.30.4 1.45 122.79 124.24 OK
r-release-windows-ix86+x86_64 1.30.4 3.00 89.00 92.00 OK
r-release-osx-x86_64 1.30.4 NOTE
r-oldrel-osx-x86_64 1.30.4 ERROR

Check Details

Version: 1.30.4
Check: package dependencies
Result: NOTE
    Package suggested but not available for checking: 'BiocVersion'
Flavors: r-devel-linux-x86_64-debian-clang, r-devel-linux-x86_64-debian-gcc, r-devel-linux-x86_64-fedora-clang, r-devel-linux-x86_64-fedora-gcc

Version: 1.30.4
Check: package dependencies
Result: NOTE
    Packages suggested but not available for checking:
     ‘BiocStyle’ ‘BiocVersion’
Flavors: r-release-osx-x86_64, r-oldrel-osx-x86_64

Version: 1.30.4
Check: whether package can be installed
Result: ERROR
    Installation failed.
Flavor: r-oldrel-osx-x86_64