CRAN Package Check Results for Package BioMark

Last updated on 2025-01-16 15:50:14 CET.

Flavor Version Tinstall Tcheck Ttotal Status Flags
r-devel-linux-x86_64-debian-clang 0.4.5 7.37 72.13 79.50 NOTE
r-devel-linux-x86_64-debian-gcc 0.4.5 6.29 52.01 58.30 NOTE
r-devel-linux-x86_64-fedora-clang 0.4.5 128.42 NOTE
r-devel-linux-x86_64-fedora-gcc 0.4.5 121.98 NOTE
r-devel-windows-x86_64 0.4.5 9.00 83.00 92.00 NOTE
r-patched-linux-x86_64 0.4.5 9.73 67.62 77.35 NOTE
r-release-linux-x86_64 0.4.5 7.10 67.10 74.20 NOTE
r-release-macos-arm64 0.4.5 38.00 NOTE
r-release-macos-x86_64 0.4.5 64.00 NOTE
r-release-windows-x86_64 0.4.5 9.00 85.00 94.00 NOTE
r-oldrel-macos-arm64 0.4.5 44.00 OK
r-oldrel-macos-x86_64 0.4.5 67.00 OK
r-oldrel-windows-x86_64 0.4.5 10.00 96.00 106.00 OK

Check Details

Version: 0.4.5
Check: Rd files
Result: NOTE checkRd: (-1) ROC.Rd:55: Lost braces in \enumerate; \value handles \item{}{} directly checkRd: (-1) ROC.Rd:56: Lost braces in \enumerate; \value handles \item{}{} directly checkRd: (-1) ROC.Rd:57: Lost braces in \enumerate; \value handles \item{}{} directly checkRd: (-1) ROC.Rd:58: Lost braces in \enumerate; \value handles \item{}{} directly Flavors: r-devel-linux-x86_64-debian-clang, r-devel-linux-x86_64-debian-gcc, r-devel-linux-x86_64-fedora-clang, r-devel-linux-x86_64-fedora-gcc, r-devel-windows-x86_64, r-patched-linux-x86_64, r-release-linux-x86_64, r-release-macos-arm64, r-release-macos-x86_64, r-release-windows-x86_64

Version: 0.4.5
Check: Rd cross-references
Result: NOTE Found the following Rd file(s) with Rd \link{} targets missing package anchors: auxBiom.Rd: glmnet biom.options.Rd: glmnet Please provide package anchors for all Rd \link{} targets not in the package itself and the base packages. Flavors: r-devel-linux-x86_64-debian-clang, r-devel-linux-x86_64-debian-gcc, r-devel-windows-x86_64