CRAN Package Check Results for Package BioInstaller

Last updated on 2019-08-19 21:46:47 CEST.

Flavor Version Tinstall Tcheck Ttotal Status Flags
r-devel-linux-x86_64-debian-clang 0.3.7 11.45 130.08 141.53 NOTE
r-devel-linux-x86_64-debian-gcc 0.3.7 9.84 99.01 108.85 NOTE
r-devel-linux-x86_64-fedora-clang 0.3.7 164.48 NOTE
r-devel-linux-x86_64-fedora-gcc 0.3.7 170.22 NOTE
r-devel-windows-ix86+x86_64 0.3.7 57.00 237.00 294.00 NOTE
r-patched-linux-x86_64 0.3.7 11.22 126.25 137.47 OK
r-patched-solaris-x86 0.3.7 225.40 NOTE
r-release-linux-x86_64 0.3.7 10.48 125.36 135.84 OK
r-release-windows-ix86+x86_64 0.3.7 47.00 158.00 205.00 NOTE
r-release-osx-x86_64 0.3.7 NOTE
r-oldrel-windows-ix86+x86_64 0.3.7 53.00 204.00 257.00 NOTE
r-oldrel-osx-x86_64 0.3.7 NOTE

Check Details

Version: 0.3.7
Check: for non-standard things in the check directory
Result: NOTE
    Found the following files/directories:
     'GRCh37_MT_ensGene.txt'
Flavors: r-devel-linux-x86_64-debian-clang, r-devel-linux-x86_64-debian-gcc, r-devel-linux-x86_64-fedora-clang, r-devel-linux-x86_64-fedora-gcc

Version: 0.3.7
Check: installed package size
Result: NOTE
     installed size is 11.7Mb
     sub-directories of 1Mb or more:
     doc 2.5Mb
     extdata 8.7Mb
Flavors: r-devel-linux-x86_64-fedora-clang, r-devel-windows-ix86+x86_64, r-patched-solaris-x86, r-release-windows-ix86+x86_64, r-release-osx-x86_64, r-oldrel-windows-ix86+x86_64, r-oldrel-osx-x86_64