CRAN Package Check Results for Package BioInstaller

Last updated on 2019-04-24 14:47:18 CEST.

Flavor Version Tinstall Tcheck Ttotal Status Flags
r-devel-linux-x86_64-debian-clang 0.3.7 11.91 124.12 136.03 OK
r-devel-linux-x86_64-debian-gcc 0.3.7 8.19 96.68 104.87 OK
r-devel-linux-x86_64-fedora-clang 0.3.7 156.86 NOTE
r-devel-linux-x86_64-fedora-gcc 0.3.7 187.20 OK
r-devel-windows-ix86+x86_64 0.3.7 50.00 217.00 267.00 NOTE
r-patched-linux-x86_64 0.3.7 9.34 125.35 134.69 OK
r-patched-solaris-x86 0.3.7 217.00 NOTE
r-release-linux-x86_64 0.3.7 7.16 115.23 122.39 OK
r-release-windows-ix86+x86_64 0.3.7 31.00 143.00 174.00 NOTE
r-release-osx-x86_64 0.3.7 NOTE
r-oldrel-windows-ix86+x86_64 0.3.7 41.00 232.00 273.00 NOTE
r-oldrel-osx-x86_64 0.3.7 NOTE

Check Details

Version: 0.3.7
Check: installed package size
Result: NOTE
     installed size is 11.7Mb
     sub-directories of 1Mb or more:
     doc 2.5Mb
     extdata 8.7Mb
Flavors: r-devel-linux-x86_64-fedora-clang, r-devel-windows-ix86+x86_64, r-patched-solaris-x86, r-release-windows-ix86+x86_64, r-release-osx-x86_64, r-oldrel-windows-ix86+x86_64, r-oldrel-osx-x86_64