CRAN Package Check Results for Package BioCircos

Last updated on 2019-04-20 18:47:50 CEST.

Flavor Version Tinstall Tcheck Ttotal Status Flags
r-devel-linux-x86_64-debian-clang 0.3.4 2.81 32.97 35.78 OK
r-devel-linux-x86_64-debian-gcc 0.3.4 2.85 29.74 32.59 OK
r-devel-linux-x86_64-fedora-clang 0.3.4 44.19 OK
r-devel-linux-x86_64-fedora-gcc 0.3.4 42.57 OK
r-devel-windows-ix86+x86_64 0.3.4 9.00 52.00 61.00 OK
r-patched-linux-x86_64 0.3.4 3.08 32.61 35.69 OK
r-patched-solaris-x86 0.3.4 57.00 WARN
r-release-linux-x86_64 0.3.4 1.95 32.92 34.87 OK
r-release-windows-ix86+x86_64 0.3.4 4.00 121.00 125.00 OK
r-release-osx-x86_64 0.3.4 WARN
r-oldrel-windows-ix86+x86_64 0.3.4 5.00 71.00 76.00 OK
r-oldrel-osx-x86_64 0.3.4 WARN

Check Details

Version: 0.3.4
Check: re-building of vignette outputs
Result: WARN
    Error(s) in re-building vignettes:
     ...
    --- re-building ‘BioCircos.Rmd’ using rmarkdown
    Warning in engine$weave(file, quiet = quiet, encoding = enc) :
     Pandoc (>= 1.12.3) and/or pandoc-citeproc not available. Falling back to R Markdown v1.
    Quitting from lines 64-67 (BioCircos.Rmd)
    Error: processing vignette 'BioCircos.Rmd' failed with diagnostics:
    there is no package called 'webshot'
    --- failed re-building ‘BioCircos.Rmd’
    
    SUMMARY: processing the following file failed:
     ‘BioCircos.Rmd’
    
    Error: Vignette re-building failed.
    Execution halted
Flavor: r-patched-solaris-x86

Version: 0.3.4
Check: re-building of vignette outputs
Result: WARN
    Error in re-building vignettes:
     ...
    Warning in engine$weave(file, quiet = quiet, encoding = enc) :
     Pandoc (>= 1.12.3) and/or pandoc-citeproc not available. Falling back to R Markdown v1.
    Quitting from lines 64-67 (BioCircos.Rmd)
    Error: processing vignette 'BioCircos.Rmd' failed with diagnostics:
    cannot open the connection
    Execution halted
Flavors: r-release-osx-x86_64, r-oldrel-osx-x86_64