CRAN Package Check Results for Package BioCircos

Last updated on 2018-02-19 15:48:51 CET.

Flavor Version Tinstall Tcheck Ttotal Status Flags
r-devel-linux-x86_64-debian-clang 0.3.3 1.77 28.27 30.04 OK
r-devel-linux-x86_64-debian-gcc 0.3.3 1.30 25.10 26.40 OK
r-devel-linux-x86_64-fedora-clang 0.3.3 39.49 OK
r-devel-linux-x86_64-fedora-gcc 0.3.3 38.02 OK
r-devel-windows-ix86+x86_64 0.3.3 8.00 73.00 81.00 OK
r-patched-linux-x86_64 0.3.3 1.84 35.34 37.18 OK
r-patched-solaris-x86 0.3.3 53.20 WARN
r-release-linux-x86_64 0.3.3 1.41 35.14 36.55 OK
r-release-windows-ix86+x86_64 0.3.3 5.00 48.00 53.00 OK
r-release-osx-x86_64 0.3.3 WARN
r-oldrel-windows-ix86+x86_64 0.3.3 5.00 58.00 63.00 OK
r-oldrel-osx-x86_64 0.2.2 WARN

Check Details

Version: 0.3.3
Check: re-building of vignette outputs
Result: WARN
    Error in re-building vignettes:
     ...
    Warning in engine$weave(file, quiet = quiet, encoding = enc) :
     Pandoc (>= 1.12.3) and/or pandoc-citeproc not available. Falling back to R Markdown v1.
    Quitting from lines 64-67 (BioCircos.Rmd)
    Error: processing vignette 'BioCircos.Rmd' failed with diagnostics:
    cannot open the connection
    Execution halted
Flavors: r-patched-solaris-x86, r-release-osx-x86_64

Version: 0.2.2
Check: re-building of vignette outputs
Result: WARN
    Error in re-building vignettes:
     ...
    Warning in engine$weave(file, quiet = quiet, encoding = enc) :
     Pandoc (>= 1.12.3) and/or pandoc-citeproc not available. Falling back to R Markdown v1.
    Quitting from lines 64-67 (BioCircos.Rmd)
    Error: processing vignette 'BioCircos.Rmd' failed with diagnostics:
    cannot open the connection
    Execution halted
Flavor: r-oldrel-osx-x86_64