CRAN Package Check Results for Package BioCircos

Last updated on 2018-05-26 18:46:18 CEST.

Flavor Version Tinstall Tcheck Ttotal Status Flags
r-devel-linux-x86_64-debian-clang 0.3.3 2.08 34.17 36.25 OK
r-devel-linux-x86_64-debian-gcc 0.3.3 1.57 26.37 27.94 OK
r-devel-linux-x86_64-fedora-clang 0.3.3 40.45 OK
r-devel-linux-x86_64-fedora-gcc 0.3.3 40.10 OK
r-devel-windows-ix86+x86_64 0.3.3 4.00 47.00 51.00 OK
r-patched-linux-x86_64 0.3.3 1.51 31.49 33.00 OK
r-patched-solaris-x86 0.3.3 57.00 WARN
r-release-linux-x86_64 0.3.3 1.85 31.45 33.30 OK
r-release-windows-ix86+x86_64 0.3.3 6.00 62.00 68.00 OK
r-release-osx-x86_64 0.3.3 WARN
r-oldrel-windows-ix86+x86_64 0.3.3 6.00 47.00 53.00 OK
r-oldrel-osx-x86_64 0.3.3 WARN

Check Details

Version: 0.3.3
Check: re-building of vignette outputs
Result: WARN
    Error in re-building vignettes:
     ...
    Warning in engine$weave(file, quiet = quiet, encoding = enc) :
     Pandoc (>= 1.12.3) and/or pandoc-citeproc not available. Falling back to R Markdown v1.
    Quitting from lines 64-67 (BioCircos.Rmd)
    Error: processing vignette 'BioCircos.Rmd' failed with diagnostics:
    there is no package called 'webshot'
    Execution halted
Flavor: r-patched-solaris-x86

Version: 0.3.3
Check: re-building of vignette outputs
Result: WARN
    Error in re-building vignettes:
     ...
    Warning in engine$weave(file, quiet = quiet, encoding = enc) :
     Pandoc (>= 1.12.3) and/or pandoc-citeproc not available. Falling back to R Markdown v1.
    Quitting from lines 64-67 (BioCircos.Rmd)
    Error: processing vignette 'BioCircos.Rmd' failed with diagnostics:
    cannot open the connection
    Execution halted
Flavors: r-release-osx-x86_64, r-oldrel-osx-x86_64