CRAN Package Check Results for Package BioCircos

Last updated on 2018-11-18 18:51:46 CET.

Flavor Version Tinstall Tcheck Ttotal Status Flags
r-devel-linux-x86_64-debian-clang 0.3.3 2.08 32.16 34.24 OK
r-devel-linux-x86_64-debian-gcc 0.3.3 1.57 26.25 27.82 OK
r-devel-linux-x86_64-fedora-clang 0.3.3 39.93 OK
r-devel-linux-x86_64-fedora-gcc 0.3.3 39.67 OK
r-devel-windows-ix86+x86_64 0.3.3 6.00 62.00 68.00 OK
r-patched-linux-x86_64 0.3.3 1.85 31.28 33.13 OK
r-patched-solaris-x86 0.3.3 53.10 WARN
r-release-linux-x86_64 0.3.3 1.45 31.06 32.51 OK
r-release-windows-ix86+x86_64 0.3.3 5.00 90.00 95.00 OK
r-release-osx-x86_64 0.3.3 WARN
r-oldrel-windows-ix86+x86_64 0.3.3 7.00 50.00 57.00 OK
r-oldrel-osx-x86_64 0.3.3 WARN

Check Details

Version: 0.3.3
Check: re-building of vignette outputs
Result: WARN
    Error in re-building vignettes:
     ...
    Warning in engine$weave(file, quiet = quiet, encoding = enc) :
     Pandoc (>= 1.12.3) and/or pandoc-citeproc not available. Falling back to R Markdown v1.
    Quitting from lines 64-67 (BioCircos.Rmd)
    Error: processing vignette 'BioCircos.Rmd' failed with diagnostics:
    there is no package called 'webshot'
    Execution halted
Flavor: r-patched-solaris-x86

Version: 0.3.3
Check: re-building of vignette outputs
Result: WARN
    Error in re-building vignettes:
     ...
    Warning in engine$weave(file, quiet = quiet, encoding = enc) :
     Pandoc (>= 1.12.3) and/or pandoc-citeproc not available. Falling back to R Markdown v1.
    Quitting from lines 64-67 (BioCircos.Rmd)
    Error: processing vignette 'BioCircos.Rmd' failed with diagnostics:
    cannot open the connection
    Execution halted
Flavors: r-release-osx-x86_64, r-oldrel-osx-x86_64