CRAN Package Check Results for Package BioCircos

Last updated on 2019-02-20 13:46:19 CET.

Flavor Version Tinstall Tcheck Ttotal Status Flags
r-devel-linux-x86_64-debian-clang 0.3.3 2.07 33.23 35.30 OK
r-devel-linux-x86_64-debian-gcc 0.3.3 1.86 26.51 28.37 OK
r-devel-linux-x86_64-fedora-clang 0.3.3 43.71 OK
r-devel-linux-x86_64-fedora-gcc 0.3.3 41.06 OK
r-devel-windows-ix86+x86_64 0.3.3 8.00 66.00 74.00 OK
r-patched-linux-x86_64 0.3.3 OK
r-patched-solaris-x86 0.3.3 53.40 WARN
r-release-linux-x86_64 0.3.3 OK
r-release-windows-ix86+x86_64 0.3.3 5.00 62.00 67.00 OK
r-release-osx-x86_64 0.3.3 WARN
r-oldrel-windows-ix86+x86_64 0.3.3 7.00 56.00 63.00 OK
r-oldrel-osx-x86_64 0.3.3 WARN

Check Details

Version: 0.3.3
Check: re-building of vignette outputs
Result: WARN
    Error in re-building vignettes:
     ...
    Warning in engine$weave(file, quiet = quiet, encoding = enc) :
     Pandoc (>= 1.12.3) and/or pandoc-citeproc not available. Falling back to R Markdown v1.
    Quitting from lines 64-67 (BioCircos.Rmd)
    Error: processing vignette 'BioCircos.Rmd' failed with diagnostics:
    there is no package called 'webshot'
    Execution halted
Flavor: r-patched-solaris-x86

Version: 0.3.3
Check: re-building of vignette outputs
Result: WARN
    Error in re-building vignettes:
     ...
    Warning in engine$weave(file, quiet = quiet, encoding = enc) :
     Pandoc (>= 1.12.3) and/or pandoc-citeproc not available. Falling back to R Markdown v1.
    Quitting from lines 64-67 (BioCircos.Rmd)
    Error: processing vignette 'BioCircos.Rmd' failed with diagnostics:
    cannot open the connection
    Execution halted
Flavors: r-release-osx-x86_64, r-oldrel-osx-x86_64