CRAN Package Check Results for Package BinaryEPPM

Last updated on 2022-08-16 19:05:33 CEST.

Flavor Version Tinstall Tcheck Ttotal Status Flags
r-devel-linux-x86_64-debian-clang 2.3 11.99 91.07 103.06 NOTE
r-devel-linux-x86_64-debian-gcc 2.3 9.68 69.53 79.21 NOTE
r-devel-linux-x86_64-fedora-clang 2.3 132.72 NOTE
r-devel-linux-x86_64-fedora-gcc 2.3 133.89 NOTE
r-devel-windows-x86_64 2.3 46.00 119.00 165.00 NOTE
r-patched-linux-x86_64 2.3 14.22 88.30 102.52 OK
r-release-linux-x86_64 2.3 10.43 88.76 99.19 OK
r-release-macos-arm64 2.3 36.00 OK
r-release-macos-x86_64 2.3 52.00 OK
r-release-windows-x86_64 2.3 42.00 118.00 160.00 OK
r-oldrel-macos-arm64 2.3 45.00 OK
r-oldrel-macos-x86_64 2.3 76.00 OK
r-oldrel-windows-ix86+x86_64 2.3 22.00 115.00 137.00 OK

Check Details

Version: 2.3
Check: Rd files
Result: NOTE
    checkRd: (-1) BinaryEPPM.Rd:159: Escaped LaTeX specials: \&
Flavors: r-devel-linux-x86_64-debian-clang, r-devel-linux-x86_64-debian-gcc, r-devel-linux-x86_64-fedora-clang, r-devel-linux-x86_64-fedora-gcc, r-devel-windows-x86_64

Version: 2.3
Check: Rd cross-references
Result: NOTE
    Undeclared packages ‘CountsEPPM’, ‘betareg’ in Rd xrefs
Flavor: r-devel-linux-x86_64-fedora-clang