CRAN Package Check Results for Package BinMat

Last updated on 2020-07-11 09:48:49 CEST.

Flavor Version Tinstall Tcheck Ttotal Status Flags
r-devel-linux-x86_64-debian-clang 0.1.2 2.44 24.36 26.80 OK
r-devel-linux-x86_64-debian-gcc 0.1.2 1.84 19.64 21.48 OK
r-devel-linux-x86_64-fedora-clang 0.1.2 42.08 NOTE
r-devel-linux-x86_64-fedora-gcc 0.1.2 32.44 NOTE
r-devel-windows-ix86+x86_64 0.1.2 9.00 45.00 54.00 OK
r-patched-linux-x86_64 0.1.2 2.44 25.05 27.49 OK
r-patched-solaris-x86 0.1.2 48.50 NOTE
r-release-linux-x86_64 0.1.2 2.25 24.43 26.68 OK
r-release-osx-x86_64 0.1.2 NOTE
r-release-windows-ix86+x86_64 0.1.2 6.00 37.00 43.00 OK
r-oldrel-osx-x86_64 0.1.2 NOTE
r-oldrel-windows-ix86+x86_64 0.1.2 5.00 37.00 42.00 OK

Check Details

Version: 0.1.2
Check: dependencies in R code
Result: NOTE
    Namespace in Imports field not imported from: ‘magrittr’
     All declared Imports should be used.
Flavors: r-devel-linux-x86_64-fedora-clang, r-devel-linux-x86_64-fedora-gcc, r-patched-solaris-x86, r-release-osx-x86_64, r-oldrel-osx-x86_64