CRAN Package Check Results for Package BiasedUrn

Last updated on 2019-02-19 09:48:43 CET.

Flavor Version Tinstall Tcheck Ttotal Status Flags
r-devel-linux-x86_64-debian-clang 1.07 7.41 21.79 29.20 OK
r-devel-linux-x86_64-debian-gcc 1.07 5.55 17.70 23.25 OK
r-devel-linux-x86_64-fedora-clang 1.07 37.97 NOTE
r-devel-linux-x86_64-fedora-gcc 1.07 34.56 NOTE
r-devel-windows-ix86+x86_64 1.07 25.00 46.00 71.00 OK
r-patched-linux-x86_64 1.07 6.16 20.55 26.71 OK
r-patched-solaris-x86 1.07 52.20 OK
r-release-linux-x86_64 1.07 6.00 20.38 26.38 OK
r-release-windows-ix86+x86_64 1.07 19.00 34.00 53.00 OK
r-release-osx-x86_64 1.07 OK
r-oldrel-windows-ix86+x86_64 1.07 17.00 36.00 53.00 OK
r-oldrel-osx-x86_64 1.07 OK

Check Details

Version: 1.07
Check: compiled code
Result: NOTE
    File ‘BiasedUrn/libs/BiasedUrn.so’:
     Found no calls to: ‘R_registerRoutines’, ‘R_useDynamicSymbols’
    
    It is good practice to register native routines and to disable symbol
    search.
    
    See ‘Writing portable packages’ in the ‘Writing R Extensions’ manual.
Flavors: r-devel-linux-x86_64-fedora-clang, r-devel-linux-x86_64-fedora-gcc