CRAN Package Check Results for Package BiasedUrn

Last updated on 2019-04-24 15:57:12 CEST.

Flavor Version Tinstall Tcheck Ttotal Status Flags
r-devel-linux-x86_64-debian-clang 1.07 7.07 21.02 28.09 OK
r-devel-linux-x86_64-debian-gcc 1.07 5.48 17.52 23.00 OK
r-devel-linux-x86_64-fedora-clang 1.07 36.67 NOTE
r-devel-linux-x86_64-fedora-gcc 1.07 40.80 NOTE
r-devel-windows-ix86+x86_64 1.07 25.00 50.00 75.00 OK
r-patched-linux-x86_64 1.07 7.32 21.61 28.93 OK
r-patched-solaris-x86 1.07 58.40 OK
r-release-linux-x86_64 1.07 5.38 20.49 25.87 OK
r-release-windows-ix86+x86_64 1.07 19.00 34.00 53.00 OK
r-release-osx-x86_64 1.07 OK
r-oldrel-windows-ix86+x86_64 1.07 17.00 36.00 53.00 OK
r-oldrel-osx-x86_64 1.07 OK

Check Details

Version: 1.07
Check: compiled code
Result: NOTE
    File ‘BiasedUrn/libs/BiasedUrn.so’:
     Found no calls to: ‘R_registerRoutines’, ‘R_useDynamicSymbols’
    
    It is good practice to register native routines and to disable symbol
    search.
    
    See ‘Writing portable packages’ in the ‘Writing R Extensions’ manual.
Flavors: r-devel-linux-x86_64-fedora-clang, r-devel-linux-x86_64-fedora-gcc