CRAN Package Check Results for Package BiDAG

Last updated on 2020-04-01 12:47:11 CEST.

Flavor Version Tinstall Tcheck Ttotal Status Flags
r-devel-linux-x86_64-debian-clang 1.3.0 32.67 121.63 154.30 OK
r-devel-linux-x86_64-debian-gcc 1.3.0 24.31 91.84 116.15 OK
r-devel-linux-x86_64-fedora-clang 1.3.0 188.79 OK
r-devel-linux-x86_64-fedora-gcc 1.3.0 188.46 OK
r-devel-windows-ix86+x86_64 1.3.0 51.00 122.00 173.00 ERROR
r-devel-windows-ix86+x86_64-gcc8 1.3.0 62.00 132.00 194.00 ERROR
r-patched-linux-x86_64 1.3.0 27.87 117.22 145.09 OK
r-patched-solaris-x86 1.3.0 237.70 OK
r-release-linux-x86_64 1.3.0 27.21 108.29 135.50 OK
r-release-windows-ix86+x86_64 1.3.0 58.00 162.00 220.00 OK
r-release-osx-x86_64 1.3.0 OK
r-oldrel-windows-ix86+x86_64 1.3.0 59.00 200.00 259.00 OK
r-oldrel-osx-x86_64 1.3.0 OK

Check Details

Version: 1.3.0
Check: whether package can be installed
Result: WARN
    Found the following significant warnings:
     Warning: multiple methods tables found for 'plot'
Flavors: r-devel-windows-ix86+x86_64, r-devel-windows-ix86+x86_64-gcc8

Version: 1.3.0
Check: running examples for arch ‘i386’
Result: ERROR
    Running examples in 'BiDAG-Ex.R' failed
    The error most likely occurred in:
    
    > ### Name: plotDBN
    > ### Title: Plotting a DBN
    > ### Aliases: plotDBN
    >
    > ### ** Examples
    >
    > plotDBN(DBNmat, "trans", n.dynamic=12,n.static=3)
    Error in as.double(y) :
     cannot coerce type 'S4' to vector of type 'double'
    Calls: plotDBN -> plot -> plot -> plot.default -> xy.coords
    Execution halted
Flavors: r-devel-windows-ix86+x86_64, r-devel-windows-ix86+x86_64-gcc8

Version: 1.3.0
Check: running examples for arch ‘x64’
Result: ERROR
    Running examples in 'BiDAG-Ex.R' failed
    The error most likely occurred in:
    
    > ### Name: plotDBN
    > ### Title: Plotting a DBN
    > ### Aliases: plotDBN
    >
    > ### ** Examples
    >
    > plotDBN(DBNmat, "trans", n.dynamic=12,n.static=3)
    Error in as.double(y) :
     cannot coerce type 'S4' to vector of type 'double'
    Calls: plotDBN -> plot -> plot -> plot.default -> xy.coords
    Execution halted
Flavors: r-devel-windows-ix86+x86_64, r-devel-windows-ix86+x86_64-gcc8