Last updated on 2023-01-30 23:56:12 CET.
Flavor | Version | Tinstall | Tcheck | Ttotal | Status | Flags |
---|---|---|---|---|---|---|
r-devel-linux-x86_64-debian-clang | 1.1-1 | 2.50 | 69.05 | 71.55 | NOTE | |
r-devel-linux-x86_64-debian-gcc | 1.1-1 | 1.91 | 50.90 | 52.81 | NOTE | |
r-devel-linux-x86_64-fedora-clang | 1.1-1 | 88.61 | NOTE | |||
r-devel-linux-x86_64-fedora-gcc | 1.1-1 | 97.46 | NOTE | |||
r-devel-windows-x86_64 | 1.1-1 | 6.00 | 98.00 | 104.00 | NOTE | |
r-patched-linux-x86_64 | 1.1-1 | 2.86 | 68.29 | 71.15 | NOTE | |
r-release-linux-x86_64 | 1.1-1 | 2.66 | 69.52 | 72.18 | NOTE | |
r-release-macos-arm64 | 1.1-1 | 29.00 | NOTE | |||
r-release-macos-x86_64 | 1.1-1 | 57.00 | NOTE | |||
r-release-windows-x86_64 | 1.1-1 | 11.00 | 104.00 | 115.00 | NOTE | |
r-oldrel-macos-arm64 | 1.1-1 | 36.00 | NOTE | |||
r-oldrel-macos-x86_64 | 1.1-1 | 56.00 | NOTE | |||
r-oldrel-windows-ix86+x86_64 | 1.1-1 | 7.00 | 106.00 | 113.00 | NOTE |
Version: 1.1-1
Check: LazyData
Result: NOTE
'LazyData' is specified without a 'data' directory
Flavors: r-devel-linux-x86_64-debian-clang, r-devel-linux-x86_64-debian-gcc, r-devel-linux-x86_64-fedora-clang, r-devel-linux-x86_64-fedora-gcc, r-devel-windows-x86_64, r-patched-linux-x86_64, r-release-linux-x86_64, r-release-macos-arm64, r-release-macos-x86_64, r-release-windows-x86_64, r-oldrel-macos-arm64, r-oldrel-macos-x86_64, r-oldrel-windows-ix86+x86_64