CRAN Package Check Results for Package BeeGUTS

Last updated on 2022-11-28 04:54:36 CET.

Flavor Version Tinstall Tcheck Ttotal Status Flags
r-devel-linux-x86_64-debian-clang 1.0.0 273.76 132.05 405.81 NOTE
r-devel-linux-x86_64-debian-gcc 1.0.0 235.64 111.07 346.71 NOTE
r-devel-linux-x86_64-fedora-clang 1.0.0 536.85 NOTE
r-devel-linux-x86_64-fedora-gcc 1.0.0 583.61 NOTE
r-devel-windows-x86_64 1.0.0 568.00 211.00 779.00 NOTE
r-patched-linux-x86_64 1.0.0 190.34 134.31 324.65 NOTE
r-release-linux-x86_64 1.0.0 203.94 138.04 341.98 NOTE
r-release-macos-arm64 1.0.0 150.00 NOTE
r-release-macos-x86_64 1.0.0 198.00 NOTE
r-release-windows-x86_64 1.0.0 228.00 202.00 430.00 NOTE
r-oldrel-macos-arm64 1.0.0 148.00 NOTE
r-oldrel-macos-x86_64 1.0.0 198.00 NOTE
r-oldrel-windows-ix86+x86_64 1.0.0 608.00 242.00 850.00 NOTE

Additional issues

donttest

Check Details

Version: 1.0.0
Check: for GNU extensions in Makefiles
Result: NOTE
    GNU make is a SystemRequirements.
Flavors: r-devel-linux-x86_64-debian-clang, r-devel-linux-x86_64-debian-gcc, r-devel-linux-x86_64-fedora-clang, r-devel-linux-x86_64-fedora-gcc, r-devel-windows-x86_64, r-patched-linux-x86_64, r-release-linux-x86_64, r-release-macos-arm64, r-release-macos-x86_64, r-release-windows-x86_64, r-oldrel-macos-arm64, r-oldrel-macos-x86_64, r-oldrel-windows-ix86+x86_64

Version: 1.0.0
Check: installed package size
Result: NOTE
     installed size is 7.9Mb
     sub-directories of 1Mb or more:
     data 4.1Mb
     libs 3.2Mb
Flavors: r-devel-linux-x86_64-fedora-clang, r-devel-windows-x86_64, r-release-macos-arm64, r-release-macos-x86_64, r-release-windows-x86_64, r-oldrel-macos-arm64, r-oldrel-macos-x86_64, r-oldrel-windows-ix86+x86_64