CRAN Package Check Results for Package BcDiag

Last updated on 2022-08-19 20:51:04 CEST.

Flavor Version Tinstall Tcheck Ttotal Status Flags
r-devel-linux-x86_64-debian-clang 1.0.10 4.68 63.81 68.49 NOTE
r-devel-linux-x86_64-debian-gcc 1.0.10 4.65 51.30 55.95 NOTE
r-devel-linux-x86_64-fedora-clang 1.0.10 94.26 NOTE
r-devel-linux-x86_64-fedora-gcc 1.0.10 96.78 NOTE
r-devel-windows-x86_64 1.0.10 14.00 100.00 114.00 OK
r-patched-linux-x86_64 1.0.10 4.84 63.50 68.34 NOTE
r-release-linux-x86_64 1.0.10 NOTE
r-release-macos-arm64 1.0.10 30.00 OK
r-release-macos-x86_64 1.0.10 48.00 OK
r-release-windows-x86_64 1.0.10 14.00 101.00 115.00 OK
r-oldrel-macos-arm64 1.0.10 36.00 OK
r-oldrel-macos-x86_64 1.0.10 63.00 OK
r-oldrel-windows-ix86+x86_64 1.0.10 12.00 97.00 109.00 OK

Check Details

Version: 1.0.10
Check: for non-standard things in the check directory
Result: NOTE
    Found the following files/directories:
     'fabiabreast.txt'
Flavors: r-devel-linux-x86_64-debian-clang, r-devel-linux-x86_64-debian-gcc, r-devel-linux-x86_64-fedora-clang, r-devel-linux-x86_64-fedora-gcc, r-patched-linux-x86_64, r-release-linux-x86_64