CRAN Package Check Results for Package BayesianFROC

Last updated on 2020-07-08 12:48:50 CEST.

Flavor Version Tinstall Tcheck Ttotal Status Flags
r-devel-linux-x86_64-debian-clang 0.3.0 25.25 161.42 186.67 OK
r-devel-linux-x86_64-debian-gcc 0.3.0 19.98 118.46 138.44 OK
r-devel-linux-x86_64-fedora-clang 0.3.0 224.46 OK
r-devel-linux-x86_64-fedora-gcc 0.3.0 223.55 OK
r-devel-windows-ix86+x86_64 0.3.0 43.00 174.00 217.00 OK
r-patched-linux-x86_64 0.3.0 25.12 155.07 180.19 OK
r-patched-solaris-x86 0.3.0 281.60 OK
r-release-linux-x86_64 0.3.0 24.09 155.13 179.22 OK
r-release-osx-x86_64 0.2.3 OK
r-release-windows-ix86+x86_64 0.3.0 48.00 178.00 226.00 OK
r-oldrel-osx-x86_64 0.3.0 NOTE
r-oldrel-windows-ix86+x86_64 0.3.0 57.00 241.00 298.00 OK

Check Details

Version: 0.3.0
Check: dependencies in R code
Result: NOTE
    No protocol specified
    No protocol specified
Flavor: r-oldrel-osx-x86_64