CRAN Package Check Results for Package BayesTree

Last updated on 2019-08-19 21:46:47 CEST.

Flavor Version Tinstall Tcheck Ttotal Status Flags
r-devel-linux-x86_64-debian-clang 0.3-1.4 14.60 24.40 39.00 OK
r-devel-linux-x86_64-debian-gcc 0.3-1.4 9.45 20.14 29.59 OK
r-devel-linux-x86_64-fedora-clang 0.3-1.4 61.44 NOTE
r-devel-linux-x86_64-fedora-gcc 0.3-1.4 47.14 NOTE
r-devel-windows-ix86+x86_64 0.3-1.4 54.00 74.00 128.00 OK
r-patched-linux-x86_64 0.3-1.4 10.64 24.72 35.36 OK
r-patched-solaris-x86 0.3-1.4 84.30 OK
r-release-linux-x86_64 0.3-1.4 10.70 24.63 35.33 OK
r-release-windows-ix86+x86_64 0.3-1.4 30.00 53.00 83.00 OK
r-release-osx-x86_64 0.3-1.4 OK
r-oldrel-windows-ix86+x86_64 0.3-1.4 50.00 71.00 121.00 OK
r-oldrel-osx-x86_64 0.3-1.4 OK

Check Details

Version: 0.3-1.4
Check: compiled code
Result: NOTE
    File ‘BayesTree/libs/BayesTree.so’:
     Found no calls to: ‘R_registerRoutines’, ‘R_useDynamicSymbols’
    
    It is good practice to register native routines and to disable symbol
    search.
    
    See ‘Writing portable packages’ in the ‘Writing R Extensions’ manual.
Flavors: r-devel-linux-x86_64-fedora-clang, r-devel-linux-x86_64-fedora-gcc