CRAN Package Check Results for Package BayesTree

Last updated on 2019-04-24 14:47:17 CEST.

Flavor Version Tinstall Tcheck Ttotal Status Flags
r-devel-linux-x86_64-debian-clang 0.3-1.4 13.37 24.10 37.47 OK
r-devel-linux-x86_64-debian-gcc 0.3-1.4 9.05 20.15 29.20 OK
r-devel-linux-x86_64-fedora-clang 0.3-1.4 57.81 NOTE
r-devel-linux-x86_64-fedora-gcc 0.3-1.4 55.95 NOTE
r-devel-windows-ix86+x86_64 0.3-1.4 45.00 71.00 116.00 OK
r-patched-linux-x86_64 0.3-1.4 11.74 24.30 36.04 OK
r-patched-solaris-x86 0.3-1.4 80.10 OK
r-release-linux-x86_64 0.3-1.4 11.39 23.17 34.56 OK
r-release-windows-ix86+x86_64 0.3-1.4 30.00 73.00 103.00 OK
r-release-osx-x86_64 0.3-1.4 OK
r-oldrel-windows-ix86+x86_64 0.3-1.4 39.00 66.00 105.00 OK
r-oldrel-osx-x86_64 0.3-1.4 OK

Check Details

Version: 0.3-1.4
Check: compiled code
Result: NOTE
    File ‘BayesTree/libs/BayesTree.so’:
     Found no calls to: ‘R_registerRoutines’, ‘R_useDynamicSymbols’
    
    It is good practice to register native routines and to disable symbol
    search.
    
    See ‘Writing portable packages’ in the ‘Writing R Extensions’ manual.
Flavors: r-devel-linux-x86_64-fedora-clang, r-devel-linux-x86_64-fedora-gcc