CRAN Package Check Results for Package BayesSummaryStatLM

Last updated on 2021-09-19 11:49:41 CEST.

Flavor Version Tinstall Tcheck Ttotal Status Flags
r-devel-linux-x86_64-debian-clang 2.0 3.96 36.06 40.02 OK
r-devel-linux-x86_64-debian-gcc 2.0 3.50 27.84 31.34 OK
r-devel-linux-x86_64-fedora-clang 2.0 56.82 OK
r-devel-linux-x86_64-fedora-gcc 2.0 46.67 OK
r-devel-windows-x86_64 2.0 5.00 40.00 45.00 WARN
r-devel-windows-x86_64-gcc10-UCRT 2.0 ERROR
r-patched-linux-x86_64 2.0 6.22 35.39 41.61 OK
r-patched-solaris-x86 2.0 70.90 OK
r-release-linux-x86_64 2.0 4.20 34.94 39.14 OK
r-release-macos-arm64 2.0 OK
r-release-macos-x86_64 2.0 OK
r-release-windows-ix86+x86_64 2.0 9.00 54.00 63.00 OK
r-oldrel-macos-x86_64 2.0 OK
r-oldrel-windows-ix86+x86_64 2.0 9.00 40.00 49.00 OK

Check Details

Version: 2.0
Check: whether package can be installed
Result: WARN
    Found the following significant warnings:
     Warning: 'memory.limit()' is no longer supported
Flavor: r-devel-windows-x86_64

Version: 2.0
Check: whether package can be installed
Result: WARN
    Found the following significant warnings:
     WARNING: installation-time patches will not be applied, could not get the patches index
     Warning: 'memory.limit()' is no longer supported
Flavor: r-devel-windows-x86_64-gcc10-UCRT

Version: 2.0
Check: PDF version of manual
Result: WARN
    LaTeX errors when creating PDF version.
    This typically indicates Rd problems.
Flavor: r-devel-windows-x86_64-gcc10-UCRT

Version: 2.0
Check: PDF version of manual without hyperrefs or index
Result: ERROR
    Re-running with no redirection of stdout/stderr.
Flavor: r-devel-windows-x86_64-gcc10-UCRT