CRAN Package Check Results for Package BayesReversePLLH

Last updated on 2024-02-26 23:53:00 CET.

Flavor Version Tinstall Tcheck Ttotal Status Flags
r-devel-linux-x86_64-debian-clang 1.5 57.42 30.26 87.68 NOTE
r-devel-linux-x86_64-debian-gcc 1.5 36.37 24.24 60.61 NOTE
r-devel-linux-x86_64-fedora-clang 1.5 103.62 NOTE
r-devel-linux-x86_64-fedora-gcc 1.5 103.52 NOTE
r-devel-windows-x86_64 1.5 33.00 73.00 106.00 NOTE
r-patched-linux-x86_64 1.5 42.22 30.86 73.08 NOTE
r-release-linux-x86_64 1.5 46.96 30.92 77.88 NOTE
r-release-macos-arm64 1.5 33.00 NOTE
r-release-macos-x86_64 1.5 52.00 NOTE
r-release-windows-x86_64 1.5 44.00 80.00 124.00 NOTE
r-oldrel-macos-arm64 1.5 31.00 OK
r-oldrel-windows-x86_64 1.5 41.00 76.00 117.00 OK

Check Details

Version: 1.5
Check: C++ specification
Result: NOTE Specified C++11: please drop specification unless essential Flavors: r-devel-linux-x86_64-debian-clang, r-devel-linux-x86_64-debian-gcc, r-devel-linux-x86_64-fedora-clang, r-devel-linux-x86_64-fedora-gcc, r-devel-windows-x86_64, r-patched-linux-x86_64, r-release-linux-x86_64, r-release-macos-arm64, r-release-macos-x86_64, r-release-windows-x86_64