CRAN Package Check Results for Package BayesPiecewiseICAR

Last updated on 2022-08-12 18:49:37 CEST.

Flavor Version Tinstall Tcheck Ttotal Status Flags
r-devel-linux-x86_64-debian-clang 0.2.1 3.65 27.58 31.23 NOTE
r-devel-linux-x86_64-debian-gcc 0.2.1 2.28 21.56 23.84 NOTE
r-devel-linux-x86_64-fedora-clang 0.2.1 50.41 NOTE
r-devel-linux-x86_64-fedora-gcc 0.2.1 49.49 NOTE
r-devel-windows-x86_64 0.2.1 21.00 55.00 76.00 NOTE
r-patched-linux-x86_64 0.2.1 2.96 27.91 30.87 NOTE
r-release-linux-x86_64 0.2.1 2.97 27.59 30.56 NOTE
r-release-macos-arm64 0.2.1 16.00 NOTE
r-release-macos-x86_64 0.2.1 25.00 NOTE
r-release-windows-x86_64 0.2.1 5.00 57.00 62.00 NOTE
r-oldrel-macos-arm64 0.2.1 46.00 NOTE
r-oldrel-macos-x86_64 0.2.1 72.00 NOTE
r-oldrel-windows-ix86+x86_64 0.2.1 4.00 42.00 46.00 NOTE

Check Details

Version: 0.2.1
Check: LazyData
Result: NOTE
     'LazyData' is specified without a 'data' directory
Flavors: r-devel-linux-x86_64-debian-clang, r-devel-linux-x86_64-debian-gcc, r-devel-linux-x86_64-fedora-clang, r-devel-linux-x86_64-fedora-gcc, r-devel-windows-x86_64, r-patched-linux-x86_64, r-release-linux-x86_64, r-release-macos-arm64, r-release-macos-x86_64, r-release-windows-x86_64, r-oldrel-macos-arm64, r-oldrel-macos-x86_64, r-oldrel-windows-ix86+x86_64