CRAN Package Check Results for Package BayesMallows

Last updated on 2022-06-28 22:49:22 CEST.

Flavor Version Tinstall Tcheck Ttotal Status Flags
r-devel-linux-x86_64-debian-clang 1.2.0 405.22 246.96 652.18 OK
r-devel-linux-x86_64-debian-gcc 1.2.0 324.91 173.22 498.13 OK
r-devel-linux-x86_64-fedora-clang 1.2.0 963.45 NOTE
r-devel-linux-x86_64-fedora-gcc 1.2.0 831.93 OK
r-devel-windows-x86_64 1.2.0 406.00 360.00 766.00 OK
r-patched-linux-x86_64 1.2.0 289.40 231.36 520.76 OK
r-release-linux-x86_64 1.2.0 276.81 229.39 506.20 OK
r-release-macos-arm64 1.2.0 281.00 NOTE
r-release-macos-x86_64 1.2.0 256.00 NOTE
r-release-windows-x86_64 1.2.0 452.00 363.00 815.00 OK
r-oldrel-macos-arm64 1.2.0 195.00 NOTE
r-oldrel-macos-x86_64 1.2.0 259.00 NOTE
r-oldrel-windows-ix86+x86_64 1.2.0 1002.00 442.00 1444.00 NOTE

Check Details

Version: 1.2.0
Check: installed package size
Result: NOTE
     installed size is 14.0Mb
     sub-directories of 1Mb or more:
     doc 1.7Mb
     libs 11.5Mb
Flavors: r-devel-linux-x86_64-fedora-clang, r-release-macos-arm64, r-release-macos-x86_64, r-oldrel-macos-arm64, r-oldrel-macos-x86_64, r-oldrel-windows-ix86+x86_64